998
CXUS54 KHUN 021944
CLMHSV

CLIMATE REPORT
NATIONAL WEATHER SERVICE HUNTSVILLE AL
144 PM CST MON NOV 02 2020

...................................

...THE HUNTSVILLE CLIMATE SUMMARY FOR THE MONTH OF OCTOBER 2020...

CLIMATE NORMAL PERIOD 1981 TO 2010
CLIMATE RECORD PERIOD 1894 TO 2020

WEATHER         OBSERVED          NORMAL  DEPART   LAST YEAR`S
                VALUE   DATE(S)   VALUE   FROM     VALUE
                                          NORMAL
..............................................................
TEMPERATURE (F)
RECORD
 HIGH            100   10/02/2019
 LOW              23   10/30/1963
                       10/30/1952
                       10/29/1910
HIGHEST           83   10/22         MM      MM      100
                       10/23
LOWEST            37   10/17         MM      MM       33
AVG. MAXIMUM    75.0               74.6     0.4     75.8
AVG. MINIMUM    52.9               51.0     1.9     53.5
MEAN            64.0               62.8     1.2     64.7
DAYS MAX >= 90     0                0.1    -0.1        5
DAYS MAX <= 32     0                0.0     0.0        0
DAYS MIN <= 32     0                0.5    -0.5        0
DAYS MIN <= 0      0                0.0     0.0        0

PRECIPITATION (INCHES)
RECORD
 MAXIMUM       12.06   1975
 MINIMUM        0.00   1924
TOTALS          5.98               3.59    2.39     5.74
DAILY AVG.      0.19               0.12    0.07     0.19
DAYS >= .01        8                7.7     0.3       11
DAYS >= .10        6                5.1     0.9        6
DAYS >= .50        3                2.5     0.5        5
DAYS >= 1.00       2                1.1     0.9        3
GREATEST
 24 HR. TOTAL   3.41   10/28 TO 10/29               1.58

SNOWFALL (INCHES)
RECORDS
 TOTAL             T   1993
 24 HR TOTAL       T   10/28/1910 TO 10/28/1910
TOTALS            MM                0.0      MM      0.0
SINCE 7/1         MM                0.0      MM       MM
DAYS >= TRACE     MM                0.0      MM       MM
DAYS >= 1.0       MM                0.0      MM       MM
GREATEST
 SNOW DEPTH       MM                                  MM
 24 HR TOTAL      MM

DEGREE DAYS
HEATING TOTAL     90                138     -48      129
 SINCE 7/1       107                152     -45       MM
COOLING TOTAL     66                 70      -4      127
 SINCE 1/1      1855               1940     -85       MM

FREEZE DATES
RECORD
 EARLIEST     10/09/2000
 LATEST       05/07/1944
EARLIEST                        11/01
LATEST                          03/19
..............................................................

WIND (MPH)
AVERAGE WIND SPEED              6.1
HIGHEST WIND SPEED/DIRECTION    31/260    DATE  10/29
HIGHEST GUST SPEED/DIRECTION    41/260    DATE  10/29

SKY COVER
POSSIBLE SUNSHINE (PERCENT)   MM


WEATHER CONDITIONS. NUMBER OF DAYS WITH
THUNDERSTORM              1     MIXED PRECIP               0
HEAVY RAIN                5     RAIN                       6
LIGHT RAIN                9     FREEZING RAIN              0
LT FREEZING RAIN          0     HAIL                       0
HEAVY SNOW                0     SNOW                       0
LIGHT SNOW                0     SLEET                      0
FOG                      14     FOG W/VIS <= 1/4 MILE      2

-  INDICATES NEGATIVE NUMBERS.
R  INDICATES RECORD WAS SET OR TIED.
MM INDICATES DATA IS MISSING.
T  INDICATES TRACE AMOUNT.

$$
