000
CXUS53 KAPX 011134
CLMHTL

CLIMATE REPORT
NATIONAL WEATHER SERVICE
634 AM EST TUE DEC 01 2020

...................................

...THE HOUGHTON LAKE MI CLIMATE SUMMARY FOR THE MONTH OF NOVEMBER 2020...

CLIMATE NORMAL PERIOD: 1981 TO 2010
CLIMATE RECORD PERIOD: 1913 TO 2020

WEATHER         OBSERVED          NORMAL  DEPART   LAST YEAR`S
                VALUE   DATE(S)   VALUE   FROM     VALUE
                                          NORMAL
..............................................................
TEMPERATURE (F)
RECORD
 HIGH             77   11/01/1927
 LOW             -14   11/25/1950
HIGHEST           73   11/09         MM      MM
LOWEST            16   11/18         MM      MM
AVG. MAXIMUM    49.3               42.3     7.0
AVG. MINIMUM    32.1               27.4     4.7
MEAN            40.7               34.9     5.8
DAYS MAX >= 90     0                0.0     0.0
DAYS MAX <= 32     1                4.8    -3.8
DAYS MIN <= 32    16               21.9    -5.9
DAYS MIN <= 0      0                0.1    -0.1

PRECIPITATION (INCHES)
RECORD
 MAXIMUM        1.83   2020
 MINIMUM        1.83   2020
TOTALS          1.83R              2.32   -0.49
DAILY AVG.      0.06               0.08   -0.02
DAYS >= .01        8               13.3    -5.3
DAYS >= .10        5                6.0    -1.0
DAYS >= .50        0                1.2    -1.2
DAYS >= 1.00       0                0.2    -0.2
GREATEST
 24 HR. TOTAL   0.56   11/24 TO 11/25
 STORM TOTAL    0.45
 (MM/DD(HH))

SNOWFALL (INCHES)
RECORDS
 TOTAL            MM   2020
 24 HR TOTAL      MM
TOTALS           4.2                8.5    -4.3
 LIQUID EQUIV   0.40               0.80   -0.40
SINCE 7/1        4.2                9.1    -4.9
 LIQUID 7/1     0.42
DAYS >= TRACE     10                6.6     3.4
DAYS >= 1.0        2                2.7    -0.7
GREATEST
 SNOW DEPTH        3R  11/25
 24 HR TOTAL     4.2
 STORM TOTAL     3.2
 (MM/DD(HH))

DEGREE DAYS
HEATING TOTAL    723                905    -182
 SINCE 7/1      1709               1883    -174
COOLING TOTAL      0                  0       0
 SINCE 1/1       490                287     203

FREEZE DATES
RECORD
 EARLIEST     MM
 LATEST       MM
EARLIEST                        05/01
LATEST                          05/21
..............................................................

WIND (MPH)
AVERAGE WIND SPEED              9.6
HIGHEST WIND SPEED/DIRECTION    31/210    DATE  11/10
HIGHEST GUST SPEED/DIRECTION    48/320    DATE  11/01

SKY COVER
POSSIBLE SUNSHINE (PERCENT)   MM
AVERAGE SKY COVER           0.50
NUMBER OF DAYS FAIR           14
NUMBER OF DAYS PC              4
NUMBER OF DAYS CLOUDY         12

AVERAGE RH (PERCENT)     72

WEATHER CONDITIONS. NUMBER OF DAYS WITH
THUNDERSTORM              1     MIXED PRECIP               0
HEAVY RAIN                2     RAIN                       2
LIGHT RAIN                6     FREEZING RAIN              0
LT FREEZING RAIN          0     HAIL                       0
HEAVY SNOW                1     SNOW                       2
LIGHT SNOW               10     SLEET                      0
FOG                      14     FOG W/VIS <= 1/4 MILE      4
HAZE                      3

-  INDICATES NEGATIVE NUMBERS.
R  INDICATES RECORD WAS SET OR TIED.
MM INDICATES DATA IS MISSING.
T  INDICATES TRACE AMOUNT.

$$
