000
CXUS51 KRLX 020745
CLMHTS

CLIMATE REPORT
NATIONAL WEATHER SERVICE CHARLESTON WV
245 AM EST WED DEC 02 2020

...................................

...THE HUNTINGTON WV CLIMATE SUMMARY FOR THE MONTH OF NOVEMBER 2020...

CLIMATE NORMAL PERIOD: 1981 TO 2010
CLIMATE RECORD PERIOD: 1897 TO 2020

WEATHER         OBSERVED          NORMAL  DEPART   LAST YEAR`S
                VALUE   DATE(S)   VALUE   FROM     VALUE
                                          NORMAL
..............................................................
TEMPERATURE (F)
RECORD
 HIGH             86   11/07/1938
 LOW               4   11/30/1929
HIGHEST           82   11/10                          69
LOWEST            27   11/18                          13
AVG. MAXIMUM    61.5               56.8     4.7     51.9
AVG. MINIMUM    38.6               36.8     1.8     31.0
MEAN            50.0               46.8     3.2     41.4
DAYS MAX >= 90     0                0.0     0.0        0
DAYS MAX <= 32     0                0.2    -0.2        0
DAYS MAX >= 80     1                                  MM
DAYS MAX >= 100    0                                  MM
DAYS MIN <= 32     7               10.4    -3.4       17
DAYS MIN <= 0      0                0.0     0.0        0
DAYS MIN <= 10     0                                  MM

PRECIPITATION (INCHES)
RECORD
 MAXIMUM        7.78   2003
 MINIMUM        0.10   1904
TOTALS          2.77               3.44   -0.67     3.05
DAILY AVG.      0.09               0.11   -0.02     0.10
DAYS >= .01        8               10.8    -2.8        8
DAYS >= .10        4                6.6    -2.6        6
DAYS >= .50        2                2.4    -0.4        3
DAYS >= 1.00       1                0.7     0.3        1
GREATEST
 24 HR. TOTAL   1.68   11/11 TO 11/11               1.07

SNOWFALL (INCHES)
RECORDS
 TOTAL          20.9   1950
 24 HR TOTAL    11.0   11/24/1938 TO 11/24/1938
 SNOW DEPTH       12   11/27/1950
TOTALS             T                0.7    -0.7      1.3
SINCE 7/1          T                0.8    -0.8       MM
SNOWDEPTH AVG.     0                                   0
DAYS >= TRACE      2                0.9     1.1        2
DAYS >= 1.0        0                0.2    -0.2        1
GREATEST
 SNOW DEPTH        0                                   1
 24 HR TOTAL      MM                                 1.2

DEGREE DAYS
HEATING TOTAL    443                548    -105      678
 SINCE 7/1       727                888    -161      867
COOLING TOTAL      2                  2       0        0
 SINCE 1/1      1329               1134     195     1511

FREEZE DATES
RECORD
 EARLIEST     MM
 LATEST       MM
EARLIEST                        10/17
LATEST                          05/09
..............................................................

WIND (MPH)
AVERAGE WIND SPEED              5.2
HIGHEST WIND SPEED/DIRECTION    32/240    DATE  11/15
HIGHEST GUST SPEED/DIRECTION    47/240    DATE  11/15

SKY COVER
POSSIBLE SUNSHINE (PERCENT)   MM
AVERAGE SKY COVER           0.34
NUMBER OF DAYS FAIR           18
NUMBER OF DAYS PC              6
NUMBER OF DAYS CLOUDY          6

AVERAGE RH (PERCENT)     64

WEATHER CONDITIONS. NUMBER OF DAYS WITH
THUNDERSTORM              0     MIXED PRECIP               0
HEAVY RAIN                2     RAIN                       3
LIGHT RAIN                8     FREEZING RAIN              0
LT FREEZING RAIN          0     HAIL                       0
HEAVY SNOW                0     SNOW                       0
LIGHT SNOW                2     SLEET                      0
FOG                      11     FOG W/VIS <= 1/4 MILE      3
HAZE                      1

-  INDICATES NEGATIVE NUMBERS.
R  INDICATES RECORD WAS SET OR TIED.
MM INDICATES DATA IS MISSING.
T  INDICATES TRACE AMOUNT.

$$
