282
CXUS53 KIND 011504
CLMHUF

CLIMATE REPORT
NATIONAL WEATHER SERVICE INDIANAPOLIS IN
1104 AM EDT TUE JUN 01 2021

...................................

...THE TERRE HAUTE IN CLIMATE SUMMARY FOR THE MONTH OF MAY 2021...

CLIMATE NORMAL PERIOD 1991 TO 2020
CLIMATE RECORD PERIOD 9999 TO 9999

WEATHER         OBSERVED          NORMAL  DEPART   LAST YEAR`S
                VALUE   DATE(S)   VALUE   FROM     VALUE DATE(S)
                                          NORMAL
................................................................
TEMPERATURE (F)
HIGHEST           87   05/24                          88  05/25
                       05/25
LOWEST            31   05/08                          30  05/09
AVG. MAXIMUM    72.7               74.6    -1.9     72.1
AVG. MINIMUM    50.2               53.4    -3.2     51.6
MEAN            61.4               64.0    -2.6     61.8
DAYS MAX >= 90     0                0.9    -0.9        0
DAYS MAX <= 32     0                0.0     0.0        0
DAYS MIN <= 32     1                0.2     0.8        1
DAYS MIN <= 0      0                0.0     0.0        0

PRECIPITATION (INCHES)
TOTALS          4.68R              4.71   -0.03     5.02
DAILY AVG.      0.15               0.15   -0.00     0.16
DAYS >= .01       14               13.1     0.9       17
DAYS >= .10        6                9.0    -3.0       11
DAYS >= .50        2                3.2    -1.2        3
DAYS >= 1.00       1                1.0     0.0        1
GREATEST
 24 HR. TOTAL   2.72   05/17 TO 05/17


DEGREE DAYS
HEATING TOTAL    189                122      67      180
 SINCE 7/1      5007               5224    -217       MM
COOLING TOTAL     87                 91      -4       87
 SINCE 1/1       102                108      -6       MM
................................................................

WIND (MPH)
AVERAGE WIND SPEED              6.3
HIGHEST WIND SPEED/DIRECTION    29/260    DATE  05/07
HIGHEST GUST SPEED/DIRECTION    41/260    DATE  05/07

SKY COVER
POSSIBLE SUNSHINE (PERCENT)   MM
AVERAGE SKY COVER           0.39
NUMBER OF DAYS FAIR           18
NUMBER OF DAYS PC              6
NUMBER OF DAYS CLOUDY          7

AVERAGE RH (PERCENT)     68

WEATHER CONDITIONS. NUMBER OF DAYS WITH
THUNDERSTORM              4     MIXED PRECIP               0
HEAVY RAIN                3     RAIN                       4
LIGHT RAIN               17     FREEZING RAIN              0
LT FREEZING RAIN          0     HAIL                       0
HEAVY SNOW                0     SNOW                       0
LIGHT SNOW                0     SLEET                      0
FOG                      13     FOG W/VIS <= 1/4 MILE      1
HAZE                      2

-  INDICATES NEGATIVE NUMBERS.
R  INDICATES RECORD WAS SET OR TIED.
MM INDICATES DATA IS MISSING.
T  INDICATES TRACE AMOUNT.

$$
