950
CXUS53 KIND 011616
CLMHUF

CLIMATE REPORT
NATIONAL WEATHER SERVICE INDIANAPOLIS IN
1116 AM EST SUN NOV 01 2020

...................................

...THE TERRE HAUTE IN CLIMATE SUMMARY FOR THE MONTH OF OCTOBER 2020...

CLIMATE NORMAL PERIOD 1981 TO 2010
CLIMATE RECORD PERIOD 9999 TO 9999

WEATHER         OBSERVED          NORMAL  DEPART   LAST YEAR`S
                VALUE   DATE(S)   VALUE   FROM     VALUE DATE(S)
                                          NORMAL
................................................................
TEMPERATURE (F)
HIGHEST           88   10/07                          93  10/01
LOWEST            27R  10/16                          28  10/31
AVG. MAXIMUM    67.6               65.8     1.8     66.7
AVG. MINIMUM    42.3               42.6    -0.3     44.3
MEAN            55.0               54.2     0.8     55.5
DAYS MAX >= 90     0                0.1    -0.1        2
DAYS MAX <= 32     0                0.0     0.0        0
DAYS MIN <= 32     5                4.2     0.8        2
DAYS MIN <= 0      0                0.0     0.0        0

PRECIPITATION (INCHES)
TOTALS          4.92               3.57    1.35     5.44
DAILY AVG.      0.16               0.12    0.04     0.18
DAYS >= .01       14                 MM      MM        8
DAYS >= .10       10                 MM      MM        6
DAYS >= .50        4                 MM      MM        4
DAYS >= 1.00       1                 MM      MM        2
GREATEST
 24 HR. TOTAL   1.59   10/20 TO 10/21


DEGREE DAYS
HEATING TOTAL    325                349     -24      318
 SINCE 7/1       385                427     -42      320
COOLING TOTAL     21                 15       6       34
 SINCE 1/1      1189                993     196     1298
................................................................

WIND (MPH)
AVERAGE WIND SPEED              6.8
HIGHEST WIND SPEED/DIRECTION    30/200    DATE  10/14
HIGHEST GUST SPEED/DIRECTION    43/190    DATE  10/14

SKY COVER
POSSIBLE SUNSHINE (PERCENT)   MM
AVERAGE SKY COVER           0.48
NUMBER OF DAYS FAIR           13
NUMBER OF DAYS PC              7
NUMBER OF DAYS CLOUDY         11

AVERAGE RH (PERCENT)     68

WEATHER CONDITIONS. NUMBER OF DAYS WITH
THUNDERSTORM              3     MIXED PRECIP               0
HEAVY RAIN                5     RAIN                       9
LIGHT RAIN               14     FREEZING RAIN              0
LT FREEZING RAIN          0     HAIL                       0
HEAVY SNOW                0     SNOW                       0
LIGHT SNOW                0     SLEET                      0
FOG                      17     FOG W/VIS <= 1/4 MILE      6
HAZE                      5

-  INDICATES NEGATIVE NUMBERS.
R  INDICATES RECORD WAS SET OR TIED.
MM INDICATES DATA IS MISSING.
T  INDICATES TRACE AMOUNT.

$$
