000
CXUS51 KCAR 020019
CLMHUL

CLIMATE REPORT
NATIONAL WEATHER SERVICE CARIBOU ME
719 PM EST TUE DEC 01 2020

...................................

...THE HOULTON ME CLIMATE SUMMARY FOR THE MONTH OF NOVEMBER 2020...

CLIMATE NORMAL PERIOD: 1981 TO 2010
CLIMATE RECORD PERIOD: 1948 TO 2020

WEATHER         OBSERVED          NORMAL  DEPART   LAST YEAR`S
                VALUE   DATE(S)   VALUE   FROM     VALUE DATE(S)
                                          NORMAL
................................................................
TEMPERATURE (F)
RECORD
 HIGH             73   11/10/2020
 LOW             -14   11/24/1989
HIGHEST           73*  11/10         MM      MM       67  11/01
LOWEST             8   11/04         MM      MM       -3  11/14
                       11/19
AVG. MAXIMUM    46.6               40.8     5.8     36.3
AVG. MINIMUM    28.8               24.4     4.4     21.3
MEAN            37.7               32.6     5.1     28.8
DAYS MAX >= 90     0                0.0     0.0        0
DAYS MAX <= 32     4                5.2    -1.2       11
DAYS MIN <= 32    21               23.7    -2.7       28
DAYS MIN <= 0      0                0.4    -0.4        2

PRECIPITATION (INCHES)
RECORD
 MAXIMUM        0.65   2019
 MINIMUM        0.65   2019
TOTALS          2.71                      -1.30
DAILY AVG.      0.09               0.13   -0.04     0.12
DAYS >= .01       11               12.2    -1.2        2
DAYS >= .10        7                7.7    -0.7        2
DAYS >= .50        2                3.0    -1.0        0
DAYS >= 1.00       1                0.7     0.3        0
GREATEST
 24 HR. TOTAL   1.02   11/23 TO 11/23               0.50  11/24 TO 11/25

SNOWFALL (INCHES)
RECORDS
 TOTAL            MM   MM
TOTALS            MM                7.4      MM       MM
SINCE 7/1         MM                8.1      MM       MM
SNOWDEPTH AVG.    MM                                  MM
DAYS >= 1.0       MM                1.8      MM       MM
GREATEST
 SNOW DEPTH       MM                                  MM  MM
 24 HR TOTAL      MM                                  MM

DEGREE DAYS
HEATING TOTAL    811                972    -161
................................................................

WIND (MPH)
AVERAGE WIND SPEED              6.7
HIGHEST WIND SPEED/DIRECTION    25/320    DATE  11/24
HIGHEST GUST SPEED/DIRECTION    39/290    DATE  11/24

SKY COVER
POSSIBLE SUNSHINE (PERCENT)   MM
AVERAGE SKY COVER           0.58
NUMBER OF DAYS FAIR            8
NUMBER OF DAYS PC             10
NUMBER OF DAYS CLOUDY         12

AVERAGE RH (PERCENT)     71

WEATHER CONDITIONS. NUMBER OF DAYS WITH
THUNDERSTORM              0     MIXED PRECIP               0
HEAVY RAIN                3     RAIN                       6
LIGHT RAIN               11     FREEZING RAIN              0
LT FREEZING RAIN          2     HAIL                       0
HEAVY SNOW                0     SNOW                       0
LIGHT SNOW                8     SLEET                      0
FOG                      18     FOG W/VIS <= 1/4 MILE      1
HAZE                      0

-  INDICATES NEGATIVE NUMBERS.
*  INDICATES RECORD WAS SET OR TIED.
MM INDICATES DATA IS MISSING.
T  INDICATES TRACE AMOUNT.

$$
