000
CXUS51 KLWX 012002
CLMIAD

CLIMATE REPORT
NATIONAL WEATHER SERVICE BALTIMORE MD/WASHINGTON DC
340 PM EST TUE DEC 01 2020

...................................

...THE WASHINGTON DULLES DC CLIMATE SUMMARY FOR THE MONTH OF NOVEMBER 2020...

CLIMATE NORMAL PERIOD: 1981 TO 2010
CLIMATE RECORD PERIOD: 1960 TO 2020

WEATHER         OBSERVED          NORMAL  DEPART   LAST YEAR`S
                VALUE   DATE(S)   VALUE   FROM     VALUE
                                          NORMAL
..............................................................
TEMPERATURE (F)
RECORD
 HIGH             84   11/01/1982
                       11/02/1971
 LOW               9   11/24/1989
HIGHEST           77   11/08         75       2       69
                       11/10
LOWEST            24   11/19         19       5       17
AVG. MAXIMUM    63.4               57.5     5.9     52.4
AVG. MINIMUM    39.5               35.3     4.2     31.9
MEAN            51.5               46.4     5.1     42.2
DAYS MAX >= 90     0                0.0     0.0        0
DAYS MAX <= 32     0                0.1    -0.1        0
DAYS MIN <= 32     4               12.4    -8.4       16
DAYS MIN <= 0      0                0.0     0.0        0

PRECIPITATION (INCHES)
RECORD
 MAXIMUM        7.83   1963
 MINIMUM        0.24   1981
TOTALS          3.61               3.41    0.20     1.62
DAILY AVG.      0.12               0.11    0.01     0.05
DAYS >= .01        6                9.1    -3.1        7
DAYS >= .10        5                5.5    -0.5        6
DAYS >= .50        2                2.4    -0.4        1
DAYS >= 1.00       2                0.9     1.1        0
GREATEST
 24 HR. TOTAL   1.54   11/11 TO 11/12               1.35
 STORM TOTAL    1.38                                  MM
 (MM/DD(HH))

SNOWFALL (INCHES)
RECORDS
 TOTAL          11.4   1967
TOTALS           0.0                0.5    -0.5        T
SINCE 7/1        0.0                0.5    -0.5       MM
DAYS >= TRACE      0                0.3    -0.3        1
DAYS >= 1.0        0                0.1    -0.1        0
GREATEST
 SNOW DEPTH        0                                   0

DEGREE DAYS
HEATING TOTAL    400                560    -160      678
 SINCE 7/1       667                915    -248      863
COOLING TOTAL      1                  2      -1        0
 SINCE 1/1      1406               1178     228     1524
..............................................................

WIND (MPH)
AVERAGE WIND SPEED              6.7
HIGHEST WIND SPEED/DIRECTION    37/310
HIGHEST GUST SPEED/DIRECTION    55/310

SKY COVER
AVERAGE SKY COVER           0.48

AVERAGE RH (PERCENT)     65

WEATHER CONDITIONS. NUMBER OF DAYS WITH
THUNDERSTORM              0     MIXED PRECIP               0
HEAVY RAIN                3     RAIN                       5
LIGHT RAIN                9     FREEZING RAIN              0
LT FREEZING RAIN          0     HAIL                       0
HEAVY SNOW                0     SNOW                       0
LIGHT SNOW                0     SLEET                      0
FOG                      10     FOG W/VIS <= 1/4 MILE      1
HAZE                      1

-  INDICATES NEGATIVE NUMBERS.
R  INDICATES RECORD WAS SET OR TIED.
MM INDICATES DATA IS MISSING.
T  INDICATES TRACE AMOUNT.

&&
.....................................................................

WASHINGTON DULLES INTERNATIONAL AIRPORT...

THE AVERAGE TEMPERATURE IN NOVEMBER 2020 WAS WELL ABOVE NORMAL. IN
FACT, IT RANKED AS THE SECOND WARMEST NOVEMBER ON RECORD. IT WAS THE
WARMEST NOVEMBER SINCE 1985, WHICH WAS THE WARMEST NOVEMBER ON
RECORD.

MONTHLY PRECIPITATION WAS 106 PERCENT OF NORMAL. IT WAS THE WETTEST
NOVEMBER SINCE 2018, WHEN 7.68 INCHES OF PRECIPITAITON FELL.

MONTHLY SNOWFALL WAS 0 PERCENT OF NORMAL. NOVEMBER 2017 WAS THE LAST
NOVEMBER WHEN NO SNOW FELL.

A RECORD COOL HIGH TEMPERATURE OF 49 DEGREES WAS SET ON NOVEMBER 2ND.
THIS TIED THE RECORD PREVIOUSLY SET IN 2014.

A RECORD HIGH TEMPERATURE OF 76 DEGREES WAS SET ON NOVEMBER 7TH. THIS
BROKE THE OLD RECORD OF 74 DEGREES FROM 1965.

A RECORD HIGH TEMPERATURE OF 77 DEGREES WAS SET ON NOVEMBER 8TH. THIS
TIED THE RECORD PREVIOUSLY SET IN 1987.

A RECORD HIGH TEMPERATURE OF 77 DEGREES WAS SET ON NOVEMBER 10TH.
THIS BROKE THE OLD RECORD OF 75 DEGREES FROM 1985.

A RECORD WARM LOW TEMPERATURE OF 62 DEGREES WAS SET ON NOVEMBER 11TH.
THIS BROKE THE OLD RECORD OF 55 DEGREES FROM 2002.

A RECORD DAILY PRECIPITATION TOTAL OF 1.21 INCHES WAS ALSO SET ON
NOVEMBER 11TH. THIS BROKE THE OLD RECORD OF 1.16 INCHES FROM 1995.

A RECORD DAILY PRECIPITATION TOTAL OF 1.38 INCHES WAS SET ON NOVEMBER
30TH. THIS BROKE THE OLD RECORD OF 1.31 INCHES FROM 2016.

WEATHER RECORDS FOR THE DULLES VA AREA HAVE BEEN RECORDED AT WHAT IS
NOW WASHINGTON DULLES INTERNATIONAL AIRPORT SINCE 1960. THE OFFICIAL
RECORD CONSISTS SOLELY OF DATA RECORDED AT THE AIRPORT. TEMPERATURE
AND PRECIPITATION RECORDS BEGAN IN 1960. SNOWFALL RECORDS BEGAN IN
1962.

ALL CLIMATE DATA ARE CONSIDERED PRELIMINARY UNTIL REVIEWED BY THE
NATIONAL CENTERS FOR ENVIRONMENTAL INFORMATION (NCEI).

$$

RCM
