000
CXUS53 KUNR 011630
CLMICR

CLIMATE REPORT
NATIONAL WEATHER SERVICE RAPID CITY SD
930 AM MST SUN NOV 01 2020

...................................

...THE WINNER REGIONAL AIRPORT SD CLIMATE SUMMARY FOR THE MONTH OF OCTOBER 2020...

CLIMATE NORMAL PERIOD 1981 TO 2010
CLIMATE RECORD PERIOD 9999 TO 9999

WEATHER         OBSERVED          NORMAL  DEPART   LAST YEAR`S
                VALUE   DATE(S)   VALUE   FROM     VALUE DATE(S)
                                          NORMAL
................................................................
TEMPERATURE (F)
HIGHEST           89   10/09                          79  10/08
LOWEST             8R  10/26                          13  10/30
AVG. MAXIMUM    58.7               62.4    -3.7     54.6
AVG. MINIMUM    33.6               38.8    -5.2     32.7
MEAN            46.2               50.6    -4.4     43.7
DAYS MAX >= 90     0                                   0
DAYS MAX <= 32     4                                   2
DAYS MIN <= 32    13                                  14
DAYS MIN <= 0      0                                   0

PRECIPITATION (INCHES)
TOTALS          0.46               1.64   -1.18     0.85
DAILY AVG.      0.01               0.05   -0.04     0.03
DAYS >= .01        8                                   9
DAYS >= .10        1                                   4
DAYS >= .50        0                                   0
DAYS >= 1.00       0                                   0
GREATEST
 24 HR. TOTAL   0.13   10/24 TO 10/25               0.21


DEGREE DAYS
HEATING TOTAL    587                456     131      650
 SINCE 7/1       709                599     110      704
COOLING TOTAL     12                 10       2        0
 SINCE 1/1      1119                916     203      865
................................................................

WIND (MPH)
AVERAGE WIND SPEED              11.8
HIGHEST WIND SPEED/DIRECTION    39/310    DATE  10/31
HIGHEST GUST SPEED/DIRECTION    54/310    DATE  10/31

AVERAGE RH (PERCENT)     57

WEATHER CONDITIONS. NUMBER OF DAYS WITH
THUNDERSTORM              0     MIXED PRECIP               0
HEAVY RAIN                0     RAIN                       0
LIGHT RAIN               11     FREEZING RAIN              0
LT FREEZING RAIN          1     HAIL                       0
HEAVY SNOW                0     SNOW                       2
LIGHT SNOW                6     SLEET                      0
FOG                       8     FOG W/VIS <= 1/4 MILE      1
HAZE                      7

-  INDICATES NEGATIVE NUMBERS.
R  INDICATES RECORD WAS SET OR TIED.
MM INDICATES DATA IS MISSING.
T  INDICATES TRACE AMOUNT.

$$
