829
CXUS53 KICT 031457
CLMICT

CLIMATE REPORT
NATIONAL WEATHER SERVICE WICHITA KANSAS
857 AM CST TUE NOV 03 2020

...................................

...THE WICHITA EISENHOWER NATIONAL CLIMATE SUMMARY FOR THE MONTH OF OCTOBER 2020...

CLIMATE NORMAL PERIOD 1981 TO 2010
CLIMATE RECORD PERIOD 1888 TO 2020

WEATHER         OBSERVED          NORMAL  DEPART   LAST YEAR`S
                VALUE   DATE(S)   VALUE   FROM     VALUE DATE(S)
                                          NORMAL
................................................................
TEMPERATURE (F)
RECORD
 HIGH             97   10/01/2006
 LOW              14   10/30/1917
HIGHEST           92   10/07                          91  10/01
LOWEST            24   10/26                          19  10/31
AVG. MAXIMUM    66.6               69.7    -3.1     66.4
AVG. MINIMUM    43.0               46.9    -3.9     42.5
MEAN            54.8               58.3    -3.5     54.4
DAYS MAX >= 90     1                0.4     0.6        1
DAYS MAX <= 32     2                0.0     2.0        0
DAYS MIN <= 32     5                1.2     3.8        5
DAYS MIN <= 0      0                0.0     0.0        0

PRECIPITATION (INCHES)
RECORD
 MAXIMUM        9.42   1998
 MINIMUM        0.00   1958
                       1952
TOTALS          2.06               2.78   -0.72     3.22
DAILY AVG.      0.07               0.09   -0.02     0.10
DAYS >= .01        7                7.0     0.0        9
DAYS >= .10        4                4.1    -0.1        6
DAYS >= .50        1                1.8    -0.8        3
DAYS >= 1.00       1                0.8     0.2        1
GREATEST
 24 HR. TOTAL   1.34   10/28 TO 10/29

SNOWFALL (INCHES)
RECORDS
 TOTAL           2.5   1905
TOTALS           1.6                0.1     1.5      0.4
SINCE 7/1        1.6                0.1     1.5        T
SNOWDEPTH AVG.     0                                   0
DAYS >= 1.0        1                0.0     1.0        0
GREATEST
 SNOW DEPTH        1R  10/26                           0  T
                       10/27
 24 HR TOTAL     1.6R  10/26 TO 10/27                0.4

DEGREE DAYS
HEATING TOTAL    353                243     110      347
 SINCE 7/1       403                285     118      347
COOLING TOTAL     47                 35      12       29
 SINCE 1/1      1767               1684      83     1881
................................................................

WIND (MPH)
AVERAGE WIND SPEED              11.6
HIGHEST WIND SPEED/DIRECTION    51/340    DATE  10/11
HIGHEST GUST SPEED/DIRECTION    65/330    DATE  10/11

SKY COVER
POSSIBLE SUNSHINE (PERCENT)   MM
AVERAGE SKY COVER           0.50
NUMBER OF DAYS FAIR           14
NUMBER OF DAYS PC              6
NUMBER OF DAYS CLOUDY         11

AVERAGE RH (PERCENT)     64

WEATHER CONDITIONS. NUMBER OF DAYS WITH
THUNDERSTORM              0     MIXED PRECIP               1
HEAVY RAIN                1     RAIN                       2
LIGHT RAIN                6     FREEZING RAIN              0
LT FREEZING RAIN          3     HAIL                       0
HEAVY SNOW                0     SNOW                       1
LIGHT SNOW                2     SLEET                      2
FOG                      13     FOG W/VIS <= 1/4 MILE      2
HAZE                      8

-  INDICATES NEGATIVE NUMBERS.
R  INDICATES RECORD WAS SET OR TIED.
MM INDICATES DATA IS MISSING.
T  INDICATES TRACE AMOUNT.

$$
