000
CXUS55 KVEF 020300
CLMIGM

CLIMATE REPORT
NATIONAL WEATHER SERVICE LAS VEGAS, NV
700 PM PST SUN NOV 01 2020

...................................

...THE KINGMAN AZ CLIMATE SUMMARY FOR THE MONTH OF OCTOBER 2020...

CLIMATE NORMAL PERIOD: 1981 TO 2010
CLIMATE RECORD PERIOD: 1901 TO 2020

WEATHER         OBSERVED          NORMAL  DEPART   LAST YEAR`S
                VALUE   DATE(S)   VALUE   FROM     VALUE DATE(S)
                                          NORMAL
................................................................
TEMPERATURE (F)
RECORD
 HIGH            100   10/02/1980
 LOW              23   10/30/2019
                       10/30/1971
                       10/29/1971
HIGHEST           99   10/01         MM      MM       88  10/07
                       10/02
LOWEST            29   10/27         MM      MM       23  10/30
AVG. MAXIMUM    86.4               77.2     9.2     76.8
AVG. MINIMUM    49.8               48.5     1.3     42.3
MEAN            68.1               62.9     5.2     59.5
DAYS MAX >= 90    17                2.0    15.0        0
DAYS MAX <= 32     0                0.0     0.0        0
DAYS MIN <= 32     1                0.6     0.4        4
DAYS MIN <= 0      0                0.0     0.0        0

PRECIPITATION (INCHES)
RECORD
 MAXIMUM        2.24   2010
 MINIMUM        0.00   2019
TOTALS          0.00R              0.71   -0.71     0.00
DAILY AVG.      0.00               0.02   -0.02     0.00
DAYS >= .01        0                 MM      MM        0
DAYS >= .10        0                 MM      MM        0
DAYS >= .50        0                 MM      MM        0
DAYS >= 1.00       0                 MM      MM        0
GREATEST
 24 HR. TOTAL   0.00


DEGREE DAYS
HEATING TOTAL     72                133     -61      185
 SINCE 7/1        75                138     -63      193
COOLING TOTAL    173                 66     107       22
 SINCE 1/1      2683               2092     591     2098

FREEZE DATES
RECORD
 EARLIEST     09/24/1920
 LATEST       05/21/1975
EARLIEST      10/27             MM
LATEST                          04/03
................................................................

WIND (MPH)
AVERAGE WIND SPEED              8.2
HIGHEST WIND SPEED/DIRECTION    38/360    DATE  10/26
HIGHEST GUST SPEED/DIRECTION    47/340    DATE  10/26

SKY COVER
POSSIBLE SUNSHINE (PERCENT)   MM
AVERAGE SKY COVER           0.01
NUMBER OF DAYS FAIR           31
NUMBER OF DAYS PC              0
NUMBER OF DAYS CLOUDY          0

AVERAGE RH (PERCENT)     20

WEATHER CONDITIONS. NUMBER OF DAYS WITH
THUNDERSTORM              0     MIXED PRECIP               0
HEAVY RAIN                0     RAIN                       0
LIGHT RAIN                0     FREEZING RAIN              0
LT FREEZING RAIN          0     HAIL                       0
HEAVY SNOW                0     SNOW                       0
LIGHT SNOW                0     SLEET                      0
FOG                       0     FOG W/VIS <= 1/4 MILE      0
HAZE                      6

-  INDICATES NEGATIVE NUMBERS.
R  INDICATES RECORD WAS SET OR TIED.
MM INDICATES DATA IS MISSING.
T  INDICATES TRACE AMOUNT.

$$
