312
CXUS51 KPHI 011404
CLMILG

CLIMATE REPORT
NATIONAL WEATHER SERVICE MOUNT HOLLY NJ
904 AM EST SUN NOV 01 2020

...................................

...THE WILMINGTON DE CLIMATE SUMMARY FOR THE MONTH OF OCTOBER 2020...

CLIMATE NORMAL PERIOD: 1981 TO 2010
CLIMATE RECORD PERIOD: 1894 TO 2020

WEATHER         OBSERVED          NORMAL  DEPART   LAST YEAR`S
                VALUE   DATE(S)   VALUE   FROM     VALUE DATE(S)
                                          NORMAL
................................................................
TEMPERATURE (F)
RECORD
 HIGH             98   10/02/2019
 LOW              23   10/28/1936
HIGHEST           78                 82      -4       98
LOWEST            35                 32       3       36
AVG. MAXIMUM    66.9               66.2     0.7     70.8
AVG. MINIMUM    49.1               46.1     3.0     51.3
MEAN            58.0               56.2     1.8     61.0
DAYS MAX >= 90     0                0.0     0.0        1
DAYS MAX <= 32     0                0.0     0.0        0
DAYS MIN <= 32     0                0.8    -0.8        0
DAYS MIN <= 0      0                0.0     0.0        0

PRECIPITATION (INCHES)
RECORD
 MAXIMUM        8.01   1995
 MINIMUM        0.06   1924
TOTALS          4.35               3.42    0.93     5.49
DAILY AVG.      0.14               0.11    0.03     0.18
DAYS >= .01       11                8.3     2.7       10
DAYS >= .10        8                5.3     2.7        7
DAYS >= .50        3                2.5     0.5        5
DAYS >= 1.00       1                1.0     0.0        1
GREATEST
 24 HR. TOTAL   2.12   10/29 TO 10/30               1.91

SNOWFALL (INCHES)
RECORDS
 TOTAL            MM   5
 24 HR TOTAL      MM
TOTALS           0.0                0.0     0.0      0.0
SINCE 7/1        0.0                0.0     0.0       MM
SNOWDEPTH AVG.     0                                   0
DAYS >= 1.0        0                0.0     0.0        0
GREATEST
 SNOW DEPTH        0                                   0  MM
 24 HR TOTAL      MM                                 0.0

DEGREE DAYS
HEATING TOTAL    215                292     -77      164
 SINCE 7/1       268                342     -74      170
COOLING TOTAL      7                 18     -11       49
 SINCE 1/1      1300               1145     155     1508
................................................................

WIND (MPH)
AVERAGE WIND SPEED              7.1
HIGHEST WIND SPEED/DIRECTION    28/060    DATE  10/12
HIGHEST GUST SPEED/DIRECTION    36/070    DATE  10/12

SKY COVER
POSSIBLE SUNSHINE (PERCENT)   MM
AVERAGE SKY COVER           0.50
NUMBER OF DAYS FAIR           11
NUMBER OF DAYS PC              8
NUMBER OF DAYS CLOUDY         12

AVERAGE RH (PERCENT)     75

WEATHER CONDITIONS. NUMBER OF DAYS WITH
THUNDERSTORM              0     MIXED PRECIP               0
HEAVY RAIN                4     RAIN                       7
LIGHT RAIN               14     FREEZING RAIN              0
LT FREEZING RAIN          0     HEAVY SNOW                 0
SNOW                      0     LIGHT SNOW                 0
SLEET                     0     FOG                       19
FOG W/VIS <= 1/4 MILE     6     HAZE                       0

-  INDICATES NEGATIVE NUMBERS.
R  INDICATES RECORD WAS SET OR TIED.
MM INDICATES DATA IS MISSING.
T  INDICATES TRACE AMOUNT.

$$
