123
CXUS53 KILX 011559
CLMILX

CLIMATE REPORT
NATIONAL WEATHER SERVICE LINCOLN IL
959 AM CST SUN NOV 01 2020

...................................

...THE LINCOLN IL CLIMATE SUMMARY FOR THE MONTH OF OCTOBER 2020...

CLIMATE NORMAL PERIOD 1981 TO 2010
CLIMATE RECORD PERIOD 1905 TO 2020

WEATHER         OBSERVED          NORMAL  DEPART   LAST YEAR`S
                VALUE   DATE(S)   VALUE   FROM     VALUE
                                          NORMAL
..............................................................
TEMPERATURE (F)
RECORD
 HIGH             95   10/03/1954
                       10/02/1953
 LOW               7   10/30/1925
HIGHEST           84   10/07         MM      MM       91
LOWEST            26   10/16         MM      MM       24
AVG. MAXIMUM    64.1               65.6    -1.5     63.8
AVG. MINIMUM    39.0               42.0    -3.0     41.8
MEAN            51.6               53.8    -2.2     52.8
DAYS MAX >= 90     0                0.0     0.0        1
DAYS MAX <= 32     0                0.0     0.0        0
DAYS MIN <= 32     7                4.7     2.3        3
DAYS MIN <= 0      0                0.0     0.0        0

PRECIPITATION (INCHES)
RECORD
 MAXIMUM       11.07   1941
 MINIMUM        0.24   1964
TOTALS          1.03               3.08   -2.05     4.74
DAILY AVG.      0.03               0.10   -0.07     0.15
DAYS >= .01       11                9.3     1.7       11
DAYS >= .10        4                6.3    -2.3        9
DAYS >= .50        0                2.2    -2.2        2
DAYS >= 1.00       0                0.7    -0.7        2
GREATEST
 24 HR. TOTAL   0.39   10/23 TO 10/23               2.15

SNOWFALL (INCHES)
RECORDS
 TOTAL           2.8   1929
TOTALS             T                0.0     0.0      2.0
SINCE 7/1          T                0.0     0.0       MM
DAYS >= 1.0        0                0.0     0.0        1
GREATEST
 SNOW DEPTH        0                                  -1
 24 HR TOTAL      MM                                 2.0

DEGREE DAYS
HEATING TOTAL    423                361      62      399
 SINCE 7/1       492                455      37      405
COOLING TOTAL     14                 14       0       27
 SINCE 1/1      1021               1017       4     1113
..............................................................

WIND (MPH)
AVERAGE WIND SPEED              MM
HIGHEST WIND SPEED/DIRECTION    MM        DATE   MM
HIGHEST GUST SPEED/DIRECTION    MM        DATE   MM

AVERAGE RH (PERCENT)     MM

WEATHER CONDITIONS. NUMBER OF DAYS WITH
THUNDERSTORM              2     MIXED PRECIP               0
HEAVY RAIN                0     RAIN                       2
LIGHT RAIN               14     FREEZING RAIN              0
LT FREEZING RAIN          0     HAIL                       0
HEAVY SNOW                0     SNOW                       0
LIGHT SNOW                1     SLEET                      0
FOG                       4     FOG W/VIS <= 1/4 MILE      1
HAZE                      1

-  INDICATES NEGATIVE NUMBERS.
R  INDICATES RECORD WAS SET OR TIED.
MM INDICATES DATA IS MISSING.
T  INDICATES TRACE AMOUNT.

&&

RECORDS ESTABLISHED DURING THE MONTH:

* RECORD LOW OF 27 DEGREES ON THE 5TH.
* RECORD LOW OF 26 DEGREES ON THE 16TH.
* RECORD SNOWFALL OF TRACE ON THE 26TH.

$$

ERWIN
