000
CXUS53 KLBF 011610
CLMIML

CLIMATE REPORT
NATIONAL WEATHER SERVICE
1010 AM CST TUE DEC 01 2020

...................................

...THE IMPERIAL CLIMATE SUMMARY FOR THE MONTH OF NOVEMBER 2020...

CLIMATE NORMAL PERIOD 1981 TO 2010
CLIMATE RECORD PERIOD 1893 TO 2020

WEATHER         OBSERVED          NORMAL  DEPART   LAST YEAR`S
                VALUE   DATE(S)   VALUE   FROM     VALUE DATE(S)
                                          NORMAL
................................................................
TEMPERATURE (F)
RECORD
 HIGH             85   11/03/2020
 LOW             -18   11/27/1896
HIGHEST           85R  11/03         73      12       79  11/09
LOWEST             8   11/30          6       2        4  11/12
                                                          11/11
AVG. MAXIMUM    61.1               51.2     9.9     51.2
AVG. MINIMUM    26.8               24.2     2.6     23.3
MEAN            44.0               37.7     6.3     37.2
DAYS MAX >= 90     0                0.0     0.0        0
DAYS MAX <= 32     0                2.3    -2.3        3
DAYS MIN <= 32    23               24.8    -1.8       27
DAYS MIN <= 0      0                0.0     0.0        0

PRECIPITATION (INCHES)
RECORD
 MAXIMUM        3.34   1930
 MINIMUM        0.00   1901
TOTALS          0.23               0.63   -0.40     0.32
DAILY AVG.      0.01               0.02   -0.01     0.01
DAYS >= .01        3                 MM      MM        5
DAYS >= .10        1                 MM      MM        1
DAYS >= .50        0                 MM      MM        0
DAYS >= 1.00       0                 MM      MM        0
GREATEST
 24 HR. TOTAL   0.20   11/10 TO 11/10               0.13  11/04 TO 11/04

SNOWFALL (INCHES)
TOTALS            MM

DEGREE DAYS
HEATING TOTAL    625                819    -194      825
 SINCE 7/1      1280               1380    -100     1493
COOLING TOTAL      0                  0       0        0
 SINCE 1/1      1214                963     251     1010
................................................................

WIND (MPH)
HIGHEST WIND SPEED/DIRECTION    43/300    DATE  11/14
HIGHEST GUST SPEED/DIRECTION    65/300    DATE  11/14

AVERAGE RH (PERCENT)     53

WEATHER CONDITIONS. NUMBER OF DAYS WITH
THUNDERSTORM              1     MIXED PRECIP               0
HEAVY RAIN                0     RAIN                       0
LIGHT RAIN                2     FREEZING RAIN              0
LT FREEZING RAIN          0     HAIL                       0
HEAVY SNOW                0     SNOW                       0
LIGHT SNOW                3     SLEET                      0
FOG                       5     FOG W/VIS <= 1/4 MILE      0
HAZE                      3

-  INDICATES NEGATIVE NUMBERS.
R  INDICATES RECORD WAS SET OR TIED.
MM INDICATES DATA IS MISSING.
T  INDICATES TRACE AMOUNT.

$$
