000
CXUS55 KFGZ 011835
CLMINW

CLIMATE REPORT
NATIONAL WEATHER SERVICE FLAGSTAFF AZ
1135 AM MST TUE DEC 01 2020

...................................

...THE WINSLOW AZ AIRPORT CLIMATE SUMMARY FOR THE MONTH OF NOVEMBER 2020...

CLIMATE NORMAL PERIOD 1981 TO 2010
CLIMATE RECORD PERIOD 1915 TO 2020

WEATHER         OBSERVED          NORMAL  DEPART   LAST YEAR`S
                VALUE   DATE(S)   VALUE   FROM     VALUE DATE(S)
                                          NORMAL
................................................................
TEMPERATURE (F)
RECORD
 HIGH             82   11/05/2009
 LOW              -9   11/29/1919
HIGHEST           80                                  74  11/19
                                                          11/05
                                                          11/04
LOWEST            12                                  11  11/01
AVG. MAXIMUM    64.2               60.1     4.1     61.0
AVG. MINIMUM    27.5               27.9    -0.4     28.9
MEAN            45.8               44.0     1.8     44.9
DAYS MAX >= 90     0                0.0     0.0        0
DAYS MAX <= 32     0                0.0     0.0        0
DAYS MIN <= 32    20               21.4    -1.4       22
DAYS MIN <= 0      0                0.0     0.0        0

PRECIPITATION (INCHES)
RECORD
 MAXIMUM        2.54   2013
 MINIMUM        0.00   2017
TOTALS          0.11               0.51   -0.40     2.15
DAILY AVG.      0.00               0.02   -0.02     0.07
DAYS >= .01        3                3.4    -0.4        7
DAYS >= .10        0                1.5    -1.5        4
DAYS >= .50        0                0.2    -0.2        2
DAYS >= 1.00       0                0.0     0.0        0
GREATEST
 24 HR. TOTAL   0.08   11/08 TO 11/09               0.87


DEGREE DAYS
HEATING TOTAL    566                630     -64      594
 SINCE 7/1       800                936    -136      967
COOLING TOTAL      0                  0       0        0
 SINCE 1/1      1616               1208     408     1478
................................................................

WIND (MPH)
AVERAGE WIND SPEED              6.4
HIGHEST WIND SPEED/DIRECTION    41/170    DATE  11/07
HIGHEST GUST SPEED/DIRECTION    53/170    DATE  11/07

SKY COVER
POSSIBLE SUNSHINE (PERCENT)   MM
AVERAGE SKY COVER           0.07
NUMBER OF DAYS FAIR           28
NUMBER OF DAYS PC              1
NUMBER OF DAYS CLOUDY          1

AVERAGE RH (PERCENT)     43

WEATHER CONDITIONS. NUMBER OF DAYS WITH
THUNDERSTORM              0     MIXED PRECIP               0
HEAVY RAIN                0     RAIN                       0
LIGHT RAIN                3     FREEZING RAIN              0
LT FREEZING RAIN          0     HAIL                       0
HEAVY SNOW                0     SNOW                       0
LIGHT SNOW                1     SLEET                      0
FOG                       4     FOG W/VIS <= 1/4 MILE      1
HAZE                      2

-  INDICATES NEGATIVE NUMBERS.
R  INDICATES RECORD WAS SET OR TIED.
MM INDICATES DATA IS MISSING.
T  INDICATES TRACE AMOUNT.

$$
