000
CXUS55 KPSR 011030
CLMIPL

CLIMATE REPORT
NATIONAL WEATHER SERVICE PHOENIX AZ
330 AM MST TUE DEC 01 2020

...................................

...THE IMPERIAL CA CLIMATE SUMMARY FOR THE MONTH OF NOVEMBER 2020...

CLIMATE NORMAL PERIOD 1981 TO 2010
CLIMATE RECORD PERIOD 1925 TO 2020

WEATHER         OBSERVED          NORMAL  DEPART   LAST YEAR`S
                VALUE   DATE(S)   VALUE   FROM     VALUE
                                          NORMAL
..............................................................
TEMPERATURE (F)
RECORD
 HIGH            101   11/07/2008
 LOW              27   11/23/1931
                       11/25/1931
HIGHEST           95   11/05         89       6
LOWEST            38   11/28         39      -1
AVG. MAXIMUM    79.9               77.8     2.1
AVG. MINIMUM    49.2               47.5     1.7
MEAN            64.6               62.7     1.9
DAYS MAX >= 90     5                1.0     4.0
DAYS MAX >= 100    0
DAYS MAX >= 110    0
DAYS MIN <= 32     0                0.4    -0.4
DAYS MIN >= 90     0

PRECIPITATION (INCHES)
RECORD
 MAXIMUM        1.74   1969
 MINIMUM        0.00   2010
TOTALS             T               0.20   -0.20
DAYS >= .01        0                1.4    -1.4
DAYS >= .10        0                0.4    -0.4
DAYS >= .50        0                0.1    -0.1
DAYS >= 1.00       0                0.0     0.0
GREATEST
 24 HR. TOTAL      T   11/06 TO 11/06


DEGREE DAYS
HEATING TOTAL     97                120     -23
 SINCE 7/1       108                127     -19
COOLING TOTAL     92                 49      43
 SINCE 1/1      4584               3976     608
..............................................................

WIND (MPH)
AVERAGE WIND SPEED              5.3
HIGHEST GUST SPEED/DIRECTION    51/260    DATE  11/07

AVERAGE RH (PERCENT)     34

WEATHER CONDITIONS. NUMBER OF DAYS WITH
THUNDERSTORM              1     HEAVY RAIN                 0
RAIN                      0     LIGHT RAIN                 1
FOG W/VIS <= 1/4 MILE     0

-  INDICATES NEGATIVE NUMBERS.
R  INDICATES RECORD WAS SET OR TIED.
MM INDICATES DATA IS MISSING.
T  INDICATES TRACE AMOUNT.

$$
