000
CXUS51 KCTP 010754
CLMIPT

CLIMATE REPORT
NATIONAL WEATHER SERVICE STATE COLLEGE PA
254 AM EST SUN NOV 01 2020

...................................

...THE WILLIAMSPORT PA CLIMATE SUMMARY FOR THE MONTH OF OCTOBER 2020...

CLIMATE NORMAL PERIOD 1981 TO 2010
CLIMATE RECORD PERIOD 1895 TO 2020

WEATHER         OBSERVED          NORMAL  DEPART   LAST YEAR`S
                VALUE   DATE(S)   VALUE   FROM     VALUE DATE(S)
                                          NORMAL
................................................................
TEMPERATURE (F)
RECORD
 HIGH             93   10/02/1927
 LOW              19   10/28/1936
HIGHEST           82   10/22                          89  10/02
LOWEST            35   10/17                          33  10/19
                       10/18
                       10/31
                                                          10/24
AVG. MAXIMUM    63.8               62.0     1.8     64.8
AVG. MINIMUM    44.6               41.5     3.1     45.2
MEAN            54.2               51.7     2.5     55.0
DAYS MAX >= 90     0                0.0     0.0        0
DAYS MAX <= 32     0                0.0     0.0        0
DAYS MIN <= 32     0                3.6    -3.6        0
DAYS MIN <= 0      0                0.0     0.0        0

PRECIPITATION (INCHES)
RECORD
 MAXIMUM        9.60   1990
 MINIMUM        0.19   1963
TOTALS          2.72               3.42   -0.70     6.67
DAILY AVG.      0.09               0.11   -0.02     0.22
DAYS >= .01       13               10.3     2.7       11
DAYS >= .10        8                5.7     2.3        9
DAYS >= .50        1                2.1    -1.1        6
DAYS >= 1.00       1                0.8     0.2        2
GREATEST
 24 HR. TOTAL   1.44   10/29 TO 10/30               1.84  10/30 TO 10/31

SNOWFALL (INCHES)
RECORDS
 TOTAL           2.0   1925
TOTALS           0.0                0.1    -0.1      0.0
SINCE 7/1        0.0                0.1    -0.1       MM
SNOWDEPTH AVG.     0                                   0
DAYS >= 1.0        0                0.0     0.0        0
GREATEST
 SNOW DEPTH        0                                   0  MM
 24 HR TOTAL      MM                                  MM

DEGREE DAYS
HEATING TOTAL    338                415     -77      318
 SINCE 7/1       426                543    -117       MM
COOLING TOTAL      9                  5       4       14
 SINCE 1/1      1077                702     375       MM
................................................................

WIND (MPH)
AVERAGE WIND SPEED              4.9
HIGHEST WIND SPEED/DIRECTION    26/160    DATE  10/23
HIGHEST GUST SPEED/DIRECTION    40/300    DATE  10/07

SKY COVER
POSSIBLE SUNSHINE (PERCENT)   MM
AVERAGE SKY COVER           0.61
NUMBER OF DAYS FAIR            9
NUMBER OF DAYS PC             10
NUMBER OF DAYS CLOUDY         12


WEATHER CONDITIONS. NUMBER OF DAYS WITH
THUNDERSTORM              0     MIXED PRECIP               0
HEAVY RAIN                0     RAIN                       4
LIGHT RAIN               16     FREEZING RAIN              0
LT FREEZING RAIN          0     HAIL                       0
HEAVY SNOW                0     SNOW                       0
LIGHT SNOW                0     SLEET                      0
FOG                      18     FOG W/VIS <= 1/4 MILE      2
HAZE                      6

-  INDICATES NEGATIVE NUMBERS.
R  INDICATES RECORD WAS SET OR TIED.
MM INDICATES DATA IS MISSING.
T  INDICATES TRACE AMOUNT.

$$
