245
CXUS53 KEAX 011916
CLMIRK

CLIMATE REPORT
NATIONAL WEATHER SERVICE
108 PM CST SUN NOV 01 2020

...................................

...THE KIRKSVILLE MO CLIMATE SUMMARY FOR THE MONTH OF OCTOBER 2020...

CLIMATE NORMAL PERIOD: 1981 TO 2010
CLIMATE RECORD PERIOD: 9999 TO 9999

WEATHER         OBSERVED          NORMAL  DEPART   LAST YEAR`S
                VALUE   DATE(S)   VALUE   FROM     VALUE DATE(S)
                                          NORMAL
................................................................
TEMPERATURE (F)
HIGHEST           83   10/11         82       1       89  10/01
LOWEST            23   10/30         26      -3       27  10/31
AVG. MAXIMUM    61.6               63.9    -2.3     60.0
AVG. MINIMUM    39.6               42.2    -2.6     39.5
MEAN            50.6               53.1    -2.5     49.8
DAYS MAX >= 90     0                0.1    -0.1        0
DAYS MAX <= 32     0                0.0     0.0        0
DAYS MIN <= 32     7                4.5     2.5        8
DAYS MIN <= 0      0                0.0     0.0        0

PRECIPITATION (INCHES)
TOTALS          0.85R              3.32   -2.47     3.20
DAILY AVG.      0.03               0.11   -0.08     0.10
DAYS >= .01        5               10.5    -5.5        9
DAYS >= .10        3                5.6    -2.6        5
DAYS >= .50        0                2.1    -2.1        2
DAYS >= 1.00       0                0.8    -0.8        1
GREATEST
 24 HR. TOTAL   0.39   10/23 TO 10/23


DEGREE DAYS
HEATING TOTAL    443                382      61      487
 SINCE 7/1       532                487      45       MM
COOLING TOTAL     18                 12       6       23
 SINCE 1/1      1080                939     141       MM
................................................................

WIND (MPH)
AVERAGE WIND SPEED              8.8
HIGHEST WIND SPEED/DIRECTION    29/210    DATE  10/17
HIGHEST GUST SPEED/DIRECTION    45/220    DATE  10/17

SKY COVER
POSSIBLE SUNSHINE (PERCENT)   MM
AVERAGE SKY COVER           0.40
NUMBER OF DAYS FAIR           19
NUMBER OF DAYS PC              3
NUMBER OF DAYS CLOUDY          9

AVERAGE RH (PERCENT)     68

WEATHER CONDITIONS. NUMBER OF DAYS WITH
THUNDERSTORM              1     MIXED PRECIP               0
HEAVY RAIN                0     RAIN                       3
LIGHT RAIN                5     FREEZING RAIN              0
LT FREEZING RAIN          0     HAIL                       0
HEAVY SNOW                0     SNOW                       0
LIGHT SNOW                3     SLEET                      0
FOG                      10     FOG W/VIS <= 1/4 MILE      3
HAZE                      7

-  INDICATES NEGATIVE NUMBERS.
R  INDICATES RECORD WAS SET OR TIED.
MM INDICATES DATA IS MISSING.
T  INDICATES TRACE AMOUNT.

$$
