000
CXCA52 TJSJ 010434
CLMISX


CLIMATE REPORT
NATIONAL WEATHER SERVICE SAN JUAN, PR
1228 AM AST TUE DEC 1 2020

...................................

...THE HENRY E. ROHLSEN AP/ST CROIX CLIMATE SUMMARY FOR THE MONTH OF NOVEMBER 2020...

CLIMATE NORMAL PERIOD 1981 TO 2010
CLIMATE RECORD PERIOD 1951 TO 2020

WEATHER         OBSERVED          NORMAL  DEPART  LAST YEAR`S
                 VALUE   DATE(S)  VALUE   FROM    VALUE  DATE(S)
                                          NORMAL
................................................................
TEMPERATURE (F)
RECORD
 HIGH              93   11/08/1993
                        11/03/1960
                        11/02/1960
 LOW               61   11/12/2005
HIGHEST            90   11/04        90       0       91  11/07
                        11/01
LOWEST             72   11/30        78      -6       70  11/29
                        11/28                             11/24
AVG. MAXIMUM     87.1              86.3     0.8     88.4
AVG. MINIMUM     75.9              75.0     0.9     74.6
MEAN             81.5              80.7     0.8     81.5
DAYS MAX >= 90      2               1.3     0.7        5
DAYS MAX <= 32      0               0.0     0.0        0
DAYS MIN <= 32      0               0.0     0.0        0
DAYS MIN <= 0       0               0.0     0.0        0

PRECIPITATION (INCHES)
RECORD
 MAXIMUM        18.03   2003
 MINIMUM         0.03   2017
TOTALS           3.18              5.46   -2.28     2.63
DAILY AVG.       0.11              0.20   -0.09     0.09
DAYS >= .01        11              16.2    -5.2       16
DAYS >= .10         6               9.1    -3.1        6
DAYS >= .50         2               2.8    -0.8        1
DAYS >= 1.00        1               1.3    -0.3        1
GREATEST
 24 HR. TOTAL    1.40   11/10 TO 11/10

SNOWFALL (INCHES)
TOTALS            0.0               0.0     0.0      0.0

DEGREE_DAYS
HEATING TOTAL       0                 0       0        0
COOLING TOTAL     470               470       0      504
.................................................................

WIND (MPH)
AVERAGE WIND SPEED              10.4
HIGHEST WIND SPEED/DIRECTION    25/090    DATE  11/09
HIGHEST GUST SPEED/DIRECTION    37/090    DATE  11/13

SKY COVER
AVERAGE SKY COVER           0.40

AVERAGE RH (PERCENT)     76

WEATHER CONDITIONS. NUMBER OF DAYS WITH
THUNDERSTORM              0     MIXED PRECIP                0
HEAVY RAIN                6     RAIN                        6
LIGHT RAIN                9     FREEZING RAIN               0
LT FREEZING RAIN          0     HAIL                        0
HEAVY SNOW                0     SNOW                        0
LIGHT SNOW                0     SLEET                       0
FOG                       7     FOG W/VIS <= 1/4 MILE       0
HAZE                      2

-  INDICATES NEGATIVE NUMBERS.
R  INDICATES RECORD WAS SET OR TIED.
MM INDICATES DATA IS MISSING.
T  INDICATES TRACE AMOUNT.

$$
