704
CXUS54 KJAN 011540
CLMJAN


CLIMATE REPORT
NATIONAL WEATHER SERVICE JACKSON MS
934 AM CST SUN NOV 1 2020

...................................

...THE JACKSON CLIMATE SUMMARY FOR THE MONTH OF OCTOBER 2020...

CLIMATE NORMAL PERIOD 1981 TO 2010
CLIMATE RECORD PERIOD 1896 TO 2020

WEATHER         OBSERVED          NORMAL  DEPART  LAST YEAR`S
                 VALUE   DATE(S)  VALUE   FROM    VALUE  DATE(S)
                                          NORMAL
................................................................
TEMPERATURE (F)
RECORD
 HIGH              99   10/02/2019
 LOW               26   10/31/1993
                        10/31/1917
HIGHEST            88   10/23        89      -1       99  10/02
                        10/21
                        10/12
LOWEST             41   10/31        35       6       37  10/31
AVG. MAXIMUM     78.8              77.2     1.6     78.3
AVG. MINIMUM     56.4              53.1     3.3     57.0
MEAN             67.6              65.1     2.5     67.6
DAYS MAX >= 90      0               0.8    -0.8        6
DAYS MAX <= 32      0               0.0     0.0        0
DAYS MIN <= 32      0               0.2    -0.2        0
DAYS MIN <= 0       0               0.0     0.0        0

PRECIPITATION (INCHES)
RECORD
 MAXIMUM        14.66   2019
 MINIMUM         0.00   2005
                        1963
                        1924
TOTALS           5.37              3.92    1.45    14.66
DAILY AVG.       0.17              0.13    0.04     0.47
DAYS >= .01         9               7.6     1.4       14
DAYS >= .10         6               4.9     1.1       11
DAYS >= .50         5               2.5     2.5        7
DAYS >= 1.00        1               1.3    -0.3        6
GREATEST
 24 HR. TOTAL    1.90   10/28 TO 10/28              4.32

SNOWFALL (INCHES)
RECORDS
 TOTAL            0.0   MM
TOTALS            0.0               0.0     0.0      0.0
SINCE 7/1         0.0               0.0     0.0      0.0
DAYS >= TRACE       0
DAYS >= 1.0         0               0.0     0.0        0
GREATEST
 24 HR TOTAL      0.0   10/31 TO 10/31

DEGREE_DAYS
HEATING TOTAL      47               100     -53       81
 SINCE 7/1         47               107     -60       81
COOLING TOTAL     132               105      27      171
 SINCE 1/1       2484              2231     253     2679
.................................................................

WIND (MPH)
AVERAGE WIND SPEED              5.9
HIGHEST WIND SPEED/DIRECTION    40/180    DATE  10/10
HIGHEST GUST SPEED/DIRECTION    54/180    DATE  10/10

SKY COVER
POSSIBLE SUNSHINE (PERCENT)   MM
AVERAGE SKY COVER           0.40
NUMBER OF DAYS FAIR           18
NUMBER OF DAYS PC              6
NUMBER OF DAYS CLOUDY          7

AVERAGE RH (PERCENT)     73

WEATHER CONDITIONS. NUMBER OF DAYS WITH
THUNDERSTORM             1   MIXED PRECIP               0
HEAVY RAIN               6   RAIN                       6
LIGHT RAIN              10   FREEZING RAIN              0
LT FREEZING RAIN         0   HAIL                       0
HEAVY SNOW               0   SNOW                       0
LIGHT SNOW               0   SLEET                      0
FOG                     18   FOG W/VIS <= 1/4 MILE      4
HAZE                     2

-  INDICATES NEGATIVE NUMBERS.
R  INDICATES RECORD WAS SET OR TIED.
MM INDICATES DATA IS MISSING.
T  INDICATES TRACE AMOUNT.

$$
