000
CXUS52 KJAX 011414
CLMJAX

CLIMATE REPORT
NATIONAL WEATHER SERVICE JACKSONVILLE FL
914 AM EST SUN NOV 01 2020

...................................

...THE JACKSONVILLE CLIMATE SUMMARY FOR THE MONTH OF OCTOBER 2020...

CLIMATE NORMAL PERIOD: 1981 TO 2010
CLIMATE RECORD PERIOD: 1871 TO 2020

WEATHER         OBSERVED          NORMAL  DEPART   LAST YEAR`S
                VALUE   DATE(S)   VALUE   FROM     VALUE DATE(S)
                                          NORMAL
................................................................
TEMPERATURE (F)
RECORD
 HIGH             95   10/07/1951
 LOW              33   10/29/2008
HIGHEST           90   10/29         89       1       91  10/31
                                                          10/22
                                                          10/04
LOWEST            54   10/01         44      10       51  10/23
                       10/30
AVG. MAXIMUM    82.8               80.4     2.4     84.9
AVG. MINIMUM    66.5               60.5     6.0     66.0
MEAN            74.6               70.4     4.2     75.5
DAYS MAX >= 90     1                1.0     0.0        5
DAYS MIN <= 32     0                0.0     0.0        0

PRECIPITATION (INCHES)
RECORD
 MAXIMUM       16.25   1880
 MINIMUM        0.00   2010
TOTALS          3.49               3.93   -0.44     3.30
DAILY AVG.      0.11               0.13   -0.02     0.11
DAYS >= .01       12                8.0     4.0       11
DAYS >= .10        6                5.0     1.0        6
DAYS >= .50        2                2.0     0.0        2
DAYS >= 1.00       1                1.0     0.0        1
GREATEST
 24 HR. TOTAL   1.73   10/05 TO 10/06

SNOWFALL (INCHES)
RECORDS
 TOTAL             T   MM
TOTALS           0.0                0.0     0.0      0.0

DEGREE DAYS
HEATING TOTAL      1                 28     -27        1
 SINCE 7/1         1                 26     -25        1
COOLING TOTAL    307                197     110      332
 SINCE 1/1      3092               2583     509     3222
................................................................

WIND (MPH)
AVERAGE WIND SPEED              7.1
HIGHEST WIND SPEED/DIRECTION    24/270    DATE  10/29
HIGHEST GUST SPEED/DIRECTION    33/250    DATE  10/29

SKY COVER
AVERAGE SKY COVER           0.66

AVERAGE RH (PERCENT)     81

WEATHER CONDITIONS. NUMBER OF DAYS WITH
THUNDERSTORM              3     MIXED PRECIP               0
HEAVY RAIN                9     RAIN                      12
LIGHT RAIN               18     FREEZING RAIN              0
LT FREEZING RAIN          0     HAIL                       0
HEAVY SNOW                0     SNOW                       0
LIGHT SNOW                0     SLEET                      0
FOG                      23     FOG W/VIS <= 1/4 MILE      4
HAZE                      0

-  INDICATES NEGATIVE NUMBERS.
R  INDICATES RECORD WAS SET OR TIED.
MM INDICATES DATA IS MISSING.
T  INDICATES TRACE AMOUNT.

$$
