593
CXUS54 KMEG 020144
CLMJBR


CLIMATE REPORT
NATIONAL WEATHER SERVICE MEMPHIS TN
742 PM CST SUN NOV 1 2020

...................................

...THE JONESBORO CLIMATE SUMMARY FOR THE MONTH OF OCTOBER 2020...

CLIMATE NORMAL PERIOD 1981 TO 2010
CLIMATE RECORD PERIOD 1897 TO 2020

WEATHER         OBSERVED          NORMAL  DEPART  LAST YEAR`S
                 VALUE   DATE(S)  VALUE   FROM    VALUE  DATE(S)
                                          NORMAL
................................................................
TEMPERATURE (F)
RECORD
 HIGH              98   10/02/2019
                        10/04/1897
                        10/01/1953
 LOW               21   10/29/1910
HIGHEST            85   10/22        74      11       98  10/02
                        10/21
                        10/07
LOWEST             38   10/30        49     -11       34  10/31
AVG. MAXIMUM     69.7              72.7    -3.0     71.7
AVG. MINIMUM     49.3              49.8    -0.5     51.0
MEAN             59.5              61.2    -1.7     61.4
DAYS MAX >= 90      0               0.3    -0.3        3
DAYS MAX <= 32      0               0.0     0.0        0
DAYS MIN <= 32      0               0.8    -0.8        0
DAYS MIN <= 0       0               0.0     0.0        0

PRECIPITATION (INCHES)
RECORD
 MAXIMUM        15.66   1984
 MINIMUM            T   2005
TOTALS           5.92              4.26    1.66     6.75
DAILY AVG.       0.19              0.14    0.05     0.22
DAYS >= .01        11                MM      MM        9
DAYS >= .10         5                MM      MM        8
DAYS >= .50         3                MM      MM        5
DAYS >= 1.00        2                MM      MM        3
GREATEST
 24 HR. TOTAL    2.95   10/28 TO 10/28

SNOWFALL (INCHES)
RECORDS
 TOTAL            0.2   1925
TOTALS            0.0               0.0     0.0      0.0
SINCE 7/1         0.0               0.0     0.0      0.0
SNOWDEPTH AVG.      0                MM      MM        0
DAYS >= 1.0         0                MM      MM        0
GREATEST
 SNOW DEPTH         0   MM                             0  MM
 24 HR TOTAL      0.0   10/31 TO 10/31

DEGREE_DAYS
HEATING TOTAL     199               169      30      194
 SINCE 7/1        212               187      25      194
COOLING TOTAL      39                53     -14       87
 SINCE 1/1       1507              1824    -317     2196
.................................................................

WIND (MPH)
AVERAGE WIND SPEED              6.1
HIGHEST WIND SPEED/DIRECTION    24/080    DATE  10/10
HIGHEST GUST SPEED/DIRECTION    31/040    DATE  10/10

SKY COVER
POSSIBLE SUNSHINE (PERCENT)   MM
AVERAGE SKY COVER           0.40
NUMBER OF DAYS FAIR           17
NUMBER OF DAYS PC              5
NUMBER OF DAYS CLOUDY          9

AVERAGE RH (PERCENT)     72

WEATHER CONDITIONS. NUMBER OF DAYS WITH
  0
  6
  0
  0
  0
  0
  1
HAZE                      9

-  INDICATES NEGATIVE NUMBERS.
R  INDICATES RECORD WAS SET OR TIED.
MM INDICATES DATA IS MISSING.
T  INDICATES TRACE AMOUNT.

$$
