787
CXUS51 KOKX 031151
CLMJFK

NYCCLMJFK 000
TTAA00 KOKX 011625


CLIMATE REPORT
NATIONAL WEATHER SERVICE NEW YORK NY
1124 AM EST SUN NOV 1 2020

...................................

...THE KENNEDY NY CLIMATE SUMMARY FOR THE MONTH OF OCTOBER 2020...

CLIMATE NORMAL PERIOD 1981 TO 2010
CLIMATE RECORD PERIOD 1948 TO 2020

WEATHER         OBSERVED          NORMAL  DEPART  LAST YEAR`S
                 VALUE   DATE(S)  VALUE   FROM    VALUE  DATE(S)
                                          NORMAL
................................................................
TEMPERATURE (F)
RECORD
 HIGH              95   10/02/2019
 LOW               30   10/28/1976
                        10/31/1966
                        10/30/1962
HIGHEST            78   10/07        MM      MM       95  10/02
LOWEST             32   10/31        MM      MM       40  10/19
AVG. MAXIMUM     64.9              64.5     0.4     66.5
AVG. MINIMUM     51.5              49.6     1.9     52.5
MEAN             58.2              57.0     1.2     59.5
DAYS MAX >= 90      0               0.0     0.0        1
DAYS MAX <= 32      0               0.0     0.0        0
DAYS MIN <= 32      1               0.0     1.0        0
DAYS MIN <= 0       0               0.0     0.0        0

PRECIPITATION (INCHES)
RECORD
 MAXIMUM        14.97   2005
 MINIMUM         0.09   1963
TOTALS           4.98              3.62    1.36     4.68
DAILY AVG.       0.16              0.12    0.04     0.15
DAYS >= .01        13               8.5     4.5       13
DAYS >= .10         8               5.4     2.6        8
DAYS >= .50         3               2.5     0.5        4
DAYS >= 1.00        3               1.0     2.0        1
GREATEST
 24 HR. TOTAL    1.54   10/16 TO 10/16           10/16 TO 10/16

 STORM TOTAL       MM                                 MM
 (MM/DD(HH))            MM                    10/16(00) TO 10/16(00)


SNOWFALL (INCHES)
RECORDS
 TOTAL            1.5   2011
                        0
                        0
 24 HR TOTAL       MM
TOTALS            0.0               0.0     0.0      0.0
 LIQUID EQUIV    0.00                 T    0.00     0.00
SINCE 7/1         0.0               0.0     0.0
 LIQUID 7/1      0.00              0.00             0.00
DAYS >= TRACE       0               0.0     0.0        0
DAYS >= 1.0         0               0.0     0.0        0
GREATEST
 SNOW DEPTH         0   MM                             0  MM
 24 HR TOTAL      0.0   10/31 TO 10/31           10/31 TO 10/31

 STORM TOTAL       MM                                 MM
 (MM/DD(HH))            MM                    10/31(00) TO 10/31(00)


DEGREE_DAYS
HEATING TOTAL     210               260     -50      184
 SINCE 7/1        242               299     -57      195
COOLING TOTAL       7                14      -7       23
 SINCE 1/1       1175              1005     170     1152
.................................................................

WIND (MPH)
AVERAGE WIND SPEED              9.9
HIGHEST WIND SPEED/DIRECTION    29/020    DATE  10/30
HIGHEST GUST SPEED/DIRECTION    39/020    DATE  10/30

SKY COVER
POSSIBLE SUNSHINE (PERCENT)   MM
AVERAGE SKY COVER           0.70
NUMBER OF DAYS FAIR            5
NUMBER OF DAYS PC             11
NUMBER OF DAYS CLOUDY         15

AVERAGE RH (PERCENT)     75

WEATHER CONDITIONS. NUMBER OF DAYS WITH
  0
  5
  0
  0
  0
  0
  5
HAZE                      2

-  INDICATES NEGATIVE NUMBERS.
R  INDICATES RECORD WAS SET OR TIED.
MM INDICATES DATA IS MISSING.
T  INDICATES TRACE AMOUNT.

$$
