000
CXUS53 KJKL 011605
CLMJKL

CLIMATE REPORT
NATIONAL WEATHER SERVICE JACKSON KY
1105 AM EST SUN NOV 1 2020

...................................

...THE JACKSON KY CLIMATE SUMMARY FOR THE MONTH OF OCTOBER 2020...

CLIMATE NORMAL PERIOD 1981 TO 2010
CLIMATE RECORD PERIOD 1981 TO 2020

WEATHER         OBSERVED          NORMAL  DEPART  LAST YEAR`S
                 VALUE   DATE(S)  VALUE   FROM    VALUE  DATE(S)
                                          NORMAL
................................................................
TEMPERATURE (F)
RECORD
 HIGH              97   10/01/2019
 LOW               26   10/22/1987
                        10/24/1981
HIGHEST            82   10/23        82       0       97  10/01
                        10/22
LOWEST             34   10/17        32       2       33  10/31
AVG. MAXIMUM     68.8              68.1     0.7     72.9
AVG. MINIMUM     50.4              48.0     2.4     50.3
MEAN             59.6              58.1     1.5     61.6
DAYS MAX >= 90      0               0.0     0.0        3
DAYS MAX <= 32      0               0.0     0.0        0
DAYS MIN <= 32      0               0.9    -0.9        0
DAYS MIN <= 0       0               0.0     0.0        0

PRECIPITATION (INCHES)
RECORD
 MAXIMUM         7.77   2014
 MINIMUM         0.51   1987
TOTALS           3.19              3.19    0.00     6.01
DAILY AVG.       0.10              0.10    0.00     0.19
DAYS >= .01        11               8.8     2.2       14
DAYS >= .10         6               5.7     0.3       10
DAYS >= .50         4               2.1     1.9        6
DAYS >= 1.00        0               0.8    -0.8        1
GREATEST
 24 HR. TOTAL    0.89   10/11 TO 10/11              1.61

SNOWFALL (INCHES)
RECORDS
 TOTAL            2.3   1993
TOTALS            0.0               0.1    -0.1        T
SINCE 7/1         0.0               0.1    -0.1        T
SNOWDEPTH AVG.      0                MM      MM        0
DAYS >= 1.0         0               0.0     0.0        0
GREATEST
 SNOW DEPTH         0   MM                             0
 24 HR TOTAL      0.0                                  T

DEGREE_DAYS
HEATING TOTAL     186               245     -59      177
 SINCE 7/1        229               297     -68      177
COOLING TOTAL      26                29      -3       78
 SINCE 1/1       1371              1150     221     1579
.................................................................

WIND (MPH)
AVERAGE WIND SPEED              1.9
HIGHEST WIND SPEED/DIRECTION    15/310    DATE  10/12
HIGHEST GUST SPEED/DIRECTION    26/310    DATE  10/12

SKY COVER
POSSIBLE SUNSHINE (PERCENT)   MM
AVERAGE SKY COVER           0.40
NUMBER OF DAYS FAIR           15
NUMBER OF DAYS PC              7
NUMBER OF DAYS CLOUDY          9

AVERAGE RH (PERCENT)     70

WEATHER CONDITIONS. NUMBER OF DAYS WITH
THUNDERSTORM              2     MIXED PRECIP               0
HEAVY RAIN                7     RAIN                       6
LIGHT RAIN               15     FREEZING RAIN              0
LT FREEZING RAIN          0     HAIL                       0
HEAVY SNOW                0     SNOW                       0
LIGHT SNOW                0     SLEET                      0
FOG                      16     FOG W/VIS <= 1/4 MILE      7
HAZE                      0

-  INDICATES NEGATIVE NUMBERS.
R  INDICATES RECORD WAS SET OR TIED.
MM INDICATES DATA IS MISSING.
T  INDICATES TRACE AMOUNT.

$$

CARICO
