000
CXUS51 KCTP 010754
CLMJST

CLIMATE REPORT
NATIONAL WEATHER SERVICE STATE COLLEGE PA
254 AM EST SUN NOV 01 2020

...................................

...THE JOHNSTOWN CLIMATE SUMMARY FOR THE MONTH OF OCTOBER 2020...

CLIMATE NORMAL PERIOD 1981 TO 2010
CLIMATE RECORD PERIOD 1892 TO 2020

WEATHER         OBSERVED          NORMAL  DEPART   LAST YEAR`S
                VALUE   DATE(S)   VALUE   FROM     VALUE DATE(S)
                                          NORMAL
................................................................
TEMPERATURE (F)
RECORD
 HIGH             94   10/01/1953
 LOW              19   10/20/1972
HIGHEST           77   10/22                          84  10/01
LOWEST            29   10/31                          32  10/13
                                                          10/19
AVG. MAXIMUM    59.2               58.1     1.1     62.6
AVG. MINIMUM    44.2               41.3     2.9     44.7
MEAN            51.7               49.7     2.0     53.6
DAYS MAX >= 90     0                 MM      MM        0
DAYS MAX <= 32     0                 MM      MM        0
DAYS MIN <= 32     3                 MM      MM        2
DAYS MIN <= 0      0                 MM      MM        0

PRECIPITATION (INCHES)
RECORD
 MAXIMUM        8.53   1913
 MINIMUM        0.11   1924
TOTALS          3.25               3.06    0.19     3.80
DAILY AVG.      0.10               0.10    0.00     0.12
DAYS >= .01       16                 MM      MM       13
DAYS >= .10        6                 MM      MM        8
DAYS >= .50        1                 MM      MM        3
DAYS >= 1.00       1                 MM      MM        0
GREATEST
 24 HR. TOTAL   1.56   10/29 TO 10/30               0.79  10/02 TO 10/03


DEGREE DAYS
HEATING TOTAL    410                477     -67      372
 SINCE 7/1       560                697    -137       MM
COOLING TOTAL      4                  3       1       27
 SINCE 1/1       645                388     257       MM
................................................................

WIND (MPH)
AVERAGE WIND SPEED              8.1
HIGHEST WIND SPEED/DIRECTION    29/280    DATE  10/07
HIGHEST GUST SPEED/DIRECTION    40/260    DATE  10/07

SKY COVER
POSSIBLE SUNSHINE (PERCENT)   MM
AVERAGE SKY COVER           0.55
NUMBER OF DAYS FAIR           10
NUMBER OF DAYS PC              9
NUMBER OF DAYS CLOUDY         12

AVERAGE RH (PERCENT)     71

WEATHER CONDITIONS. NUMBER OF DAYS WITH
THUNDERSTORM              0     MIXED PRECIP               0
HEAVY RAIN                2     RAIN                       6
LIGHT RAIN               18     FREEZING RAIN              0
LT FREEZING RAIN          0     HAIL                       0
HEAVY SNOW                0     SLEET                      0
FOG                      16     FOG W/VIS <= 1/4 MILE      9
HAZE                      2

-  INDICATES NEGATIVE NUMBERS.
R  INDICATES RECORD WAS SET OR TIED.
MM INDICATES DATA IS MISSING.
T  INDICATES TRACE AMOUNT.

$$
