000
CXUS53 KGRR 011824
CLMJXN

CLIMATE REPORT
NATIONAL WEATHER SERVICE GRAND RAPIDS, MICHIGAN
124 PM EST TUE DEC 01 2020

...................................

...THE JACKSON CLIMATE SUMMARY FOR THE MONTH OF NOVEMBER 2020...

CLIMATE NORMAL PERIOD: 1981 TO 2010
CLIMATE RECORD PERIOD: 1944 TO 2020

WEATHER         OBSERVED          NORMAL  DEPART   LAST YEAR`S
                VALUE   DATE(S)   VALUE   FROM     VALUE DATE(S)
                                          NORMAL
................................................................
TEMPERATURE (F)
HIGHEST           78   11/09         MM      MM       53  11/27
                                                          11/26
                                                          11/25
LOWEST            20   11/14         MM      MM        4  11/13
                       11/18
AVG. MAXIMUM    54.4               47.8     6.6     40.8
AVG. MINIMUM    34.5               31.8     2.7     25.8
MEAN            44.5               39.8     4.7     33.3
DAYS MAX >= 90     0                0.0     0.0        0
DAYS MAX <= 32     0                1.8    -1.8        3
DAYS MIN <= 32    15               16.3    -1.3       24
DAYS MIN <= 0      0                0.0     0.0        0

PRECIPITATION (INCHES)
TOTALS          2.05               2.60   -0.55     1.47
DAILY AVG.      0.07               0.09   -0.02     0.05
DAYS >= .01       12               11.3     0.7       10
DAYS >= .10        7                5.8     1.2        4
DAYS >= .50        1                1.7    -0.7        1
DAYS >= 1.00       0                0.4    -0.4        0
GREATEST
 24 HR. TOTAL   0.71   11/14 TO 11/15


DEGREE DAYS
HEATING TOTAL    614                756    -142      944
 SINCE 7/1      1265               1405    -140     1433
COOLING TOTAL      4                  0       4        0
 SINCE 1/1       673                592      81      663
................................................................

WIND (MPH)
AVERAGE WIND SPEED              9.4
RESULTANT WIND SPEED/DIRECTION   6/210
HIGHEST WIND SPEED/DIRECTION    37/220    DATE  11/15
HIGHEST GUST SPEED/DIRECTION    62/240    DATE  11/15

SKY COVER
POSSIBLE SUNSHINE (PERCENT)   MM
AVERAGE SKY COVER           0.43
NUMBER OF DAYS FAIR           16
NUMBER OF DAYS PC              6
NUMBER OF DAYS CLOUDY          8

AVERAGE RH (PERCENT)     67

WEATHER CONDITIONS. NUMBER OF DAYS WITH
THUNDERSTORM              1     MIXED PRECIP               0
HEAVY RAIN                1     RAIN                       4
LIGHT RAIN                8     FREEZING RAIN              0
LT FREEZING RAIN          0     HAIL                       0
HEAVY SNOW                0     SNOW                       1
LIGHT SNOW                6     SLEET                      0
FOG                      15     FOG W/VIS <= 1/4 MILE      0
HAZE                      9

-  INDICATES NEGATIVE NUMBERS.
R  INDICATES RECORD WAS SET OR TIED.
MM INDICATES DATA IS MISSING.
T  INDICATES TRACE AMOUNT.

$$
