000
CXUS53 KIND 011616
CLMLAF

CLIMATE REPORT
NATIONAL WEATHER SERVICE INDIANAPOLIS IN
1116 AM EST SUN NOV 01 2020

...................................

...THE LAFAYETTE IN CLIMATE SUMMARY FOR THE MONTH OF OCTOBER 2020...

CLIMATE NORMAL PERIOD 1981 TO 2010
CLIMATE RECORD PERIOD 9999 TO 9999

WEATHER         OBSERVED          NORMAL  DEPART   LAST YEAR`S
                VALUE   DATE(S)   VALUE   FROM     VALUE DATE(S)
                                          NORMAL
................................................................
TEMPERATURE (F)
HIGHEST           85   10/09                          90  10/01
LOWEST            29R  10/16                          27  10/31
AVG. MAXIMUM    65.9               65.1     0.8     65.2
AVG. MINIMUM    43.4               43.5    -0.1     43.2
MEAN            54.6               54.3     0.3     54.2
DAYS MAX >= 90     0                0.1    -0.1        1
DAYS MAX <= 32     0                0.0     0.0        0
DAYS MIN <= 32     4                3.6     0.4        3
DAYS MIN <= 0      0                0.0     0.0        0

PRECIPITATION (INCHES)
TOTALS          2.91               2.89    0.02     3.50
DAILY AVG.      0.09               0.09   -0.00     0.11
DAYS >= .01       13                9.3     3.7       10
DAYS >= .10        6                5.4     0.6        5
DAYS >= .50        2                1.7     0.3        3
DAYS >= 1.00       1                0.4     0.6        1
GREATEST
 24 HR. TOTAL   1.68   10/20 TO 10/21


DEGREE DAYS
HEATING TOTAL    338                349     -11      350
 SINCE 7/1       385                433     -48      357
COOLING TOTAL     22                 17       5       25
 SINCE 1/1      1268                982     286     1052
................................................................

WIND (MPH)
AVERAGE WIND SPEED              7.1
HIGHEST WIND SPEED/DIRECTION    29/290    DATE  10/12
HIGHEST GUST SPEED/DIRECTION    43/300    DATE  10/12
                                43/260          10/16

SKY COVER
POSSIBLE SUNSHINE (PERCENT)   MM
AVERAGE SKY COVER           0.50
NUMBER OF DAYS FAIR           13
NUMBER OF DAYS PC              8
NUMBER OF DAYS CLOUDY         10

AVERAGE RH (PERCENT)     69

WEATHER CONDITIONS. NUMBER OF DAYS WITH
THUNDERSTORM              3     MIXED PRECIP               0
HEAVY RAIN                2     RAIN                       4
LIGHT RAIN               15     FREEZING RAIN              0
LT FREEZING RAIN          0     HAIL                       0
HEAVY SNOW                0     SNOW                       0
LIGHT SNOW                0     SLEET                      0
FOG                      16     FOG W/VIS <= 1/4 MILE      5
HAZE                      2

-  INDICATES NEGATIVE NUMBERS.
R  INDICATES RECORD WAS SET OR TIED.
MM INDICATES DATA IS MISSING.
T  INDICATES TRACE AMOUNT.

$$
