000
CXUS55 KVEF 020300
CLMLAS

CLIMATE REPORT
NATIONAL WEATHER SERVICE LAS VEGAS, NV
700 PM PST SUN NOV 01 2020

...................................

...THE LAS VEGAS NV CLIMATE SUMMARY FOR THE MONTH OF OCTOBER 2020...

CLIMATE NORMAL PERIOD: 1981 TO 2010
CLIMATE RECORD PERIOD: 1937 TO 2020

WEATHER         OBSERVED          NORMAL  DEPART   LAST YEAR`S
                VALUE   DATE(S)   VALUE   FROM     VALUE DATE(S)
                                          NORMAL
................................................................
TEMPERATURE (F)
RECORD
 HIGH            103   10/01/1978
 LOW              26   10/30/1971
HIGHEST          100   10/01         MM      MM       92  10/09
LOWEST            41   10/26         MM      MM       36  10/31
                                                          10/30
AVG. MAXIMUM    87.6               80.6     7.0     78.3
AVG. MINIMUM    61.6               58.5     3.1     54.9
MEAN            74.6               69.5     5.1     66.6
DAYS MAX >= 90    18                4.0    14.0        2
DAYS MAX <= 32     0                0.0     0.0        0
DAYS MIN <= 32     0                0.0     0.0        0
DAYS MIN <= 0      0                0.0     0.0        0

PRECIPITATION (INCHES)
RECORD
 MAXIMUM        1.45   2005
 MINIMUM        0.00   2019
TOTALS          0.00R              0.27   -0.27     0.00
DAILY AVG.      0.00               0.01   -0.01     0.00
DAYS >= .01        0                1.7    -1.7        0
DAYS >= .10        0                0.9    -0.9        0
DAYS >= .50        0                0.1    -0.1        0
DAYS >= 1.00       0                0.0     0.0        0
GREATEST
 24 HR. TOTAL   0.00

SNOWFALL (INCHES)
RECORDS
 TOTAL             T   2012
 24 HR TOTAL       T
TOTALS           0.0                0.0     0.0      0.0
SINCE 7/1        0.0
SNOWDEPTH AVG.     0
DAYS >= TRACE      0
DAYS >= 1.0        0
GREATEST
 SNOW DEPTH        0
 24 HR TOTAL     0.0
 STORM TOTAL     0.0

DEGREE DAYS
HEATING TOTAL     28                 38     -10       73
 SINCE 7/1        28                 37      -9       73
COOLING TOTAL    332                179     153      130
 SINCE 1/1      4179               3556     623     3641

FREEZE DATES
RECORD
 EARLIEST     10/21/1949
 LATEST       04/12/1967
EARLIEST                        MM
LATEST                          02/05
................................................................

WIND (MPH)
AVERAGE WIND SPEED              5.1
HIGHEST WIND SPEED/DIRECTION    36/030    DATE  10/25
HIGHEST GUST SPEED/DIRECTION    49/360    DATE  10/25

SKY COVER
POSSIBLE SUNSHINE (PERCENT)   MM
AVERAGE SKY COVER           0.16
NUMBER OF DAYS FAIR           25
NUMBER OF DAYS PC              6
NUMBER OF DAYS CLOUDY          0

AVERAGE RH (PERCENT)     15

WEATHER CONDITIONS. NUMBER OF DAYS WITH
THUNDERSTORM              0     MIXED PRECIP               0
HEAVY RAIN                0     RAIN                       0
LIGHT RAIN                0     FREEZING RAIN              0
LT FREEZING RAIN          0     HAIL                       0
HEAVY SNOW                0     SNOW                       0
LIGHT SNOW                0     SLEET                      0
FOG                       0     FOG W/VIS <= 1/4 MILE      0
HAZE                      1

-  INDICATES NEGATIVE NUMBERS.
R  INDICATES RECORD WAS SET OR TIED.
MM INDICATES DATA IS MISSING.
T  INDICATES TRACE AMOUNT.

$$
