104
CXUS54 KOUN 011302
CLMLAW

CLIMATE REPORT
NATIONAL WEATHER SERVICE NORMAN OK
755 AM CDT THU OCT 1 2020

...................................

...THE LAWTON CLIMATE SUMMARY FOR THE MONTH OF SEPTEMBER 2020...

CLIMATE NORMAL PERIOD 1981 TO 2010
CLIMATE RECORD PERIOD 1912 TO 2020

WEATHER         OBSERVED          NORMAL  DEPART  LAST YEAR`S
                 VALUE   DATE(S)  VALUE   FROM    VALUE
                                          NORMAL
.............................................................
TEMPERATURE (F)
RECORD
 HIGH             110   09/04/2000
                        09/02/1939
                        09/01/1939
 LOW               35   09/30/1984
                        09/26/1912
HIGHEST            94               100      -6      101
LOWEST             41                47      -6       66
AVG. MAXIMUM     83.1              87.8    -4.7
AVG. MINIMUM     59.6              62.3    -2.7     70.2
MEAN             71.4              75.1    -3.7     81.8
DAYS MAX >= 90      9              12.4    -3.4       26
DAYS MAX <= 32      0               0.0     0.0        0
DAYS MIN <= 32      0               0.0     0.0        0
DAYS MIN <= 0       0               0.0     0.0        0

PRECIPITATION (INCHES)
RECORD
 MAXIMUM         9.08   1945
 MINIMUM         0.00   1939
TOTALS           3.69              3.31    0.38
DAILY AVG.       0.12              0.11    0.01     0.07
DAYS >= .01         7               6.2     0.8        6
DAYS >= .10         5               4.6     0.4        3
DAYS >= .50         2               2.2    -0.2        2
DAYS >= 1.00        2               1.0     1.0        1
GREATEST
 24 HR. TOTAL    3.02   09/08 TO 09/09

DEGREE_DAYS
HEATING TOTAL      25                11      14        0
 SINCE 7/1         25                11      14        0
COOLING TOTAL     222               313     -91      513
 SINCE 1/1       2135              2229     -94     2488
..............................................................

WIND (MPH)
AVERAGE WIND SPEED              7.3
HIGHEST WIND SPEED/DIRECTION    41/350    DATE  09/27
HIGHEST GUST SPEED/DIRECTION    53/360    DATE  09/27


WEATHER CONDITIONS. NUMBER OF DAYS WITH
THUNDERSTORM              3     MIXED PRECIP               0
HEAVY RAIN                2     RAIN                       3
LIGHT RAIN                5     FREEZING RAIN              0
LT FREEZING RAIN          0     HAIL                       0
HEAVY SNOW                0     SNOW                       0
LIGHT SNOW                0     SLEET                      0
FOG                      21     FOG W/VIS <= 1/4 MILE      2
HAZE                      3

-  INDICATES NEGATIVE NUMBERS.
R  INDICATES RECORD WAS SET OR TIED.
MM INDICATES DATA IS MISSING.
T  INDICATES TRACE AMOUNT.
............................................................
RECORDS/REMARKS
NEW RECORD COLD MAX TEMPERATURE OF 57 SET SEP 9TH.
TIED FOR THE NINTH COLDEST SEPTEMPER ON RECORD.
THE JANUARY THROUGH SEPTEMBER TOTAL PRECIPITATION IS 28.55 INCHES.

$$
