000
CXUS54 KLUB 020014
CLMLBB

CLIMATE REPORT
NATIONAL WEATHER SERVICE LUBBOCK TX
614 PM CST TUE DEC 01 2020

...................................

...THE LUBBOCK CLIMATE SUMMARY FOR THE MONTH OF NOVEMBER 2020...

CLIMATE NORMAL PERIOD 1981 TO 2010
CLIMATE RECORD PERIOD 1911 TO 2020

WEATHER         OBSERVED          NORMAL  DEPART   LAST YEAR`S
                VALUE   DATE(S)   VALUE   FROM     VALUE DATE(S)
                                          NORMAL
................................................................
TEMPERATURE (F)
RECORD
 HIGH             90   11/09/2006
 LOW              -1   11/23/1957
HIGHEST           88   11/04                          81  11/10
LOWEST            19   11/30                          15  11/12
AVG. MAXIMUM    69.4               63.6     5.8     62.2
AVG. MINIMUM    40.8               35.9     4.9     34.1
MEAN            55.1               49.8     5.3     48.2
DAYS MAX >= 90     0                0.0     0.0        0
DAYS MAX <= 32     0                0.2    -0.2        0
DAYS MIN <= 32     4                9.5    -5.5       11
DAYS MIN <= 0      0                0.0     0.0        0

PRECIPITATION (INCHES)
RECORD
 MAXIMUM        6.65   2004
 MINIMUM        0.00   1999
TOTALS          0.09               0.85   -0.76     1.05
DAILY AVG.      0.00               0.03   -0.03     0.04
DAYS >= .01        2                3.8    -1.8        6
DAYS >= .10        0                1.7    -1.7        2
DAYS >= .50        0                0.6    -0.6        0
DAYS >= 1.00       0                0.2    -0.2        0
GREATEST
 24 HR. TOTAL   0.06   11/28 TO 11/28

SNOWFALL (INCHES)
RECORDS
 TOTAL          21.4   1980
 24 HR TOTAL      MM
 SNOW DEPTH       MM
TOTALS             T                0.9    -0.9      0.0
SINCE 7/1        0.6                0.9    -0.3      0.1
SNOWDEPTH AVG.     0                                   0
DAYS >= TRACE      1                0.6     0.4        0
DAYS >= 1.0        0                0.3    -0.3        0
GREATEST
 SNOW DEPTH        0                                   0
 24 HR TOTAL       TR  11/28 TO 11/28                  0

DEGREE DAYS
HEATING TOTAL    302                460    -158      499
 SINCE 7/1       578                642     -64       MM
COOLING TOTAL     13                  3      10        0
 SINCE 1/1      2314               1804     510       MM
................................................................

WIND (MPH)
AVERAGE WIND SPEED              12.5
HIGHEST WIND SPEED/DIRECTION    43/290    DATE  11/24
HIGHEST GUST SPEED/DIRECTION    49/290    DATE  11/24

SKY COVER
POSSIBLE SUNSHINE (PERCENT)   MM
AVERAGE SKY COVER           0.31
NUMBER OF DAYS FAIR           19
NUMBER OF DAYS PC              8
NUMBER OF DAYS CLOUDY          3

AVERAGE RH (PERCENT)     51

WEATHER CONDITIONS. NUMBER OF DAYS WITH
THUNDERSTORM              1     MIXED PRECIP               0
HEAVY RAIN                0     RAIN                       1
LIGHT RAIN                4     FREEZING RAIN              0
LT FREEZING RAIN          0     HAIL                       0
HEAVY SNOW                0     SNOW                       0
LIGHT SNOW                0     SLEET                      1
FOG                       3     FOG W/VIS <= 1/4 MILE      1
HAZE                      4

-  INDICATES NEGATIVE NUMBERS.
R  INDICATES RECORD WAS SET OR TIED.
MM INDICATES DATA IS MISSING.
T  INDICATES TRACE AMOUNT.

$$
