000
CXUS53 KLBF 011358
CLMLBF

CLIMATE REPORT
NATIONAL WEATHER SERVICE
758 AM CST SUN NOV 01 2020

...................................

...THE NORTH PLATTE  CLIMATE SUMMARY FOR THE MONTH OF OCTOBER 2020...

CLIMATE NORMAL PERIOD 1981 TO 2010
CLIMATE RECORD PERIOD 1874 TO 2020

WEATHER         OBSERVED          NORMAL  DEPART   LAST YEAR`S
                VALUE   DATE(S)   VALUE   FROM     VALUE DATE(S)
                                          NORMAL
................................................................
TEMPERATURE (F)
RECORD
 HIGH             96   10/05/1947
 LOW               4   10/31/2019
                       10/28/1925
                       10/29/1913
HIGHEST           95   10/09         86       9       84  10/17
LOWEST             5   10/27         17     -12        4  10/31
AVG. MAXIMUM    64.5               64.5    -0.0     59.3
AVG. MINIMUM    30.1               33.6    -3.5     27.0
MEAN            47.3               49.1    -1.8     43.2
DAYS MAX >= 90     1                0.3     0.7        0
DAYS MAX <= 32     2                0.4     1.6        2
DAYS MIN <= 32    18               13.3     4.7       23
DAYS MIN <= 0      0                0.0     0.0        0

PRECIPITATION (INCHES)
RECORD
 MAXIMUM        5.80   1946
 MINIMUM           T   1933
TOTALS          0.38               1.55   -1.17     0.42
DAILY AVG.      0.01               0.05   -0.04     0.01
DAYS >= .01        6                6.6    -0.6        9
DAYS >= .10        2                3.4    -1.4        2
DAYS >= .50        0                0.9    -0.9        0
DAYS >= 1.00       0                0.3    -0.3        0
GREATEST
 24 HR. TOTAL   0.18   10/18 TO 10/18               0.42  09/30 TO 10/01
                                                          10/01 TO 10/01
                                                          10/01 TO 10/02

SNOWFALL (INCHES)
RECORDS
 TOTAL          30.3   2009
TOTALS           3.0                2.1     0.9      1.1
SINCE 7/1        3.0                2.3     0.7       MM
SNOWDEPTH AVG.     0                                   0
DAYS >= 1.0        1                0.6     0.4        0
GREATEST
 SNOW DEPTH        1   10/26                           0  MM
                       10/27
 24 HR TOTAL      MM

DEGREE DAYS
HEATING TOTAL    545                498      47      669
 SINCE 7/1       662                669      -7      699
COOLING TOTAL      3                  3       0        0
 SINCE 1/1      1119                768     351      922
................................................................

WIND (MPH)
AVERAGE WIND SPEED              8.6
HIGHEST WIND SPEED/DIRECTION    39/310    DATE  10/11
HIGHEST GUST SPEED/DIRECTION    57/310    DATE  10/11

SKY COVER
POSSIBLE SUNSHINE (PERCENT)   MM
AVERAGE SKY COVER           0.25
NUMBER OF DAYS FAIR           24
NUMBER OF DAYS PC              3
NUMBER OF DAYS CLOUDY          4

AVERAGE RH (PERCENT)     58

WEATHER CONDITIONS. NUMBER OF DAYS WITH
THUNDERSTORM              0     MIXED PRECIP               0
HEAVY RAIN                0     RAIN                       0
LIGHT RAIN                3     FREEZING RAIN              1
LT FREEZING RAIN          1     HAIL                       0
HEAVY SNOW                0     SNOW                       0
LIGHT SNOW                5     SLEET                      0
FOG                       5     FOG W/VIS <= 1/4 MILE      1
HAZE                      1

-  INDICATES NEGATIVE NUMBERS.
R  INDICATES RECORD WAS SET OR TIED.
MM INDICATES DATA IS MISSING.
T  INDICATES TRACE AMOUNT.

$$
