000
CXUS52 KILM 021003
CLMLBT

CLIMATE REPORT
NATIONAL WEATHER SERVICE WILMINGTON NC
503 AM EST WED DEC 02 2020

...................................

...THE LUMBERTON NORTH CAROLINA CLIMATE SUMMARY FOR THE MONTH OF NOVEMBER 2020...

CLIMATE NORMAL PERIOD 1981 TO 2010
CLIMATE RECORD PERIOD 1903 TO 2020

WEATHER         OBSERVED          NORMAL  DEPART   LAST YEAR`S
                VALUE   DATE(S)   VALUE   FROM     VALUE DATE(S)
                                          NORMAL
................................................................
TEMPERATURE (F)
RECORD
 HIGH             87   11/03/1974
 LOW              12   11/26/1950
HIGHEST           82   11/08         MM      MM       76
                       11/10
LOWEST            31   11/19         MM      MM       28
AVG. MAXIMUM    70.9               67.2     3.7     60.9
AVG. MINIMUM    48.0               41.4     6.6     39.1
MEAN            59.5               54.3     5.2     50.0
DAYS MAX >= 90     0                0.0     0.0        0
DAYS MAX <= 32     0                0.0     0.0        0
DAYS MIN <= 32     1                5.7    -4.7        5
DAYS MIN <= 0      0                0.0     0.0        0

PRECIPITATION (INCHES)
RECORD
 MAXIMUM        8.53   1947
 MINIMUM        0.11   2007
TOTALS          6.47               2.87    3.60
DAILY AVG.      0.22               0.09    0.13
DAYS >= .01        9                8.0     1.0
DAYS >= .10        5                4.0     1.0
DAYS >= .50        2                2.0     0.0
DAYS >= 1.00       2                1.0     1.0
GREATEST
 24 HR. TOTAL   2.76   11/11 TO 11/11               0.82  11/15 TO 11/15
 STORM TOTAL    2.76
 (MM/DD(HH))


DEGREE DAYS
HEATING TOTAL    200                334    -134      442
 SINCE 7/1       249                467    -218
COOLING TOTAL     43                 13      30        0
 SINCE 1/1      2078               1907     171

FREEZE DATES
RECORD
 EARLIEST     10/03/1981
 LATEST       05/10/1980
EARLIEST      11/19             MM
LATEST                          03/20
................................................................

WIND (MPH)
AVERAGE WIND SPEED              MM
RESULTANT WIND SPEED/DIRECTION  MM
HIGHEST WIND SPEED/DIRECTION    MM        DATE   MM
HIGHEST GUST SPEED/DIRECTION    MM        DATE   MM

SKY COVER
AVERAGE SKY COVER             MM

AVERAGE RH (PERCENT)     MM

WEATHER CONDITIONS. NUMBER OF DAYS WITH
THUNDERSTORM             MM     MIXED PRECIP              MM
HEAVY RAIN               MM     RAIN                      MM
LIGHT RAIN               MM     FREEZING RAIN             MM
LT FREEZING RAIN         MM     HAIL                      MM
HEAVY SNOW               MM     SNOW                      MM
LIGHT SNOW               MM     SLEET                     MM
FOG                      MM     FOG W/VIS <= 1/4 MILE     MM
HAZE                     MM

-  INDICATES NEGATIVE NUMBERS.
R  INDICATES RECORD WAS SET OR TIED.
MM INDICATES DATA IS MISSING.
T  INDICATES TRACE AMOUNT.

$$
