000
CXUS54 KLCH 021548
CLMLCH


CLIMATE REPORT
NATIONAL WEATHER SERVICE LAKE CHARLES, LA
947 AM CST MON NOV 2 2020

...................................

...THE LAKE CHARLES CLIMATE SUMMARY FOR THE MONTH OF OCTOBER 2020...

CLIMATE NORMAL PERIOD 1981 TO 2010
CLIMATE RECORD PERIOD 1895 TO 2020

WEATHER         OBSERVED          NORMAL  DEPART  LAST YEAR`S
                 VALUE   DATE(S)  VALUE   FROM    VALUE  DATE(S)
                                          NORMAL
................................................................
TEMPERATURE (F)
RECORD
 HIGH             103   10/02/1900
 LOW               30   10/31/1993
HIGHEST            87   10/21        MM      MM       MM  MM
                        10/12
LOWEST             45   10/31        MM      MM       MM  MM
                        10/29
AVG. MAXIMUM     80.1              80.8    -0.7       MM
AVG. MINIMUM     60.2              59.4     0.8       MM
MEAN             70.2              70.1     0.1       MM
DAYS MAX >= 90      0               0.9    -0.9       MM
DAYS MAX <= 32      0               0.0     0.0       MM
DAYS MIN <= 32      0               0.0     0.0       MM
DAYS MIN <= 0       0               0.0     0.0       MM

PRECIPITATION (INCHES)
RECORD
 MAXIMUM        21.44   2002
 MINIMUM         0.00   1963
                        1952
TOTALS          10.69              4.90    5.79       MM
DAILY AVG.       0.34              0.16    0.18       MM
DAYS >= .01         7               7.8    -0.8       MM
DAYS >= .10         5               4.8     0.2       MM
DAYS >= .50         2               2.6    -0.6       MM
DAYS >= 1.00        1               1.7    -0.7       MM
GREATEST
 24 HR. TOTAL    9.53   10/09 TO 10/09

SNOWFALL (INCHES)
RECORDS
 TOTAL             MM   5
TOTALS            0.0               0.0     0.0       MM
SINCE 7/1         0.0               0.0     0.0       MM
SNOWDEPTH AVG.      0                MM      MM       MM
DAYS >= 1.0         0               0.0     0.0       MM
GREATEST
 SNOW DEPTH         0   MM                            MM  MM
 24 HR TOTAL      0.0   10/31 TO 10/31

DEGREE_DAYS
HEATING TOTAL      27                35      -8       MM
 SINCE 7/1         27                36      -9       MM
COOLING TOTAL     195               193       2       MM
 SINCE 1/1       2900              2733     167       MM
.................................................................

WIND (MPH)
AVERAGE WIND SPEED              8.2
HIGHEST WIND SPEED/DIRECTION    62/360    DATE  10/09
HIGHEST GUST SPEED/DIRECTION    95/340    DATE  10/09

SKY COVER
POSSIBLE SUNSHINE (PERCENT)   MM
AVERAGE SKY COVER           0.40
NUMBER OF DAYS FAIR           13
NUMBER OF DAYS PC              8
NUMBER OF DAYS CLOUDY          5

AVERAGE RH (PERCENT)     78

WEATHER CONDITIONS. NUMBER OF DAYS WITH
  0
  3
  0
  0
  0
  0
  6
HAZE                      3

-  INDICATES NEGATIVE NUMBERS.
R  INDICATES RECORD WAS SET OR TIED.
MM INDICATES DATA IS MISSING.
T  INDICATES TRACE AMOUNT.

$$
