000
CXUS53 KLMK 011447
CLMLEX


CLIMATE REPORT
NATIONAL WEATHER SERVICE LOUISVILLE KY
920 AM EST SUN NOV 1 2020

...................................

...THE LEXINGTON KY CLIMATE SUMMARY FOR THE MONTH OF OCTOBER 2020...

CLIMATE NORMAL PERIOD 1981 TO 2010
CLIMATE RECORD PERIOD 1872 TO 2020

WEATHER         OBSERVED          NORMAL  DEPART  LAST YEAR`S
                 VALUE   DATE(S)  VALUE   FROM    VALUE  DATE(S)
                                          NORMAL
................................................................
TEMPERATURE (F)
RECORD
 HIGH              97   10/01/2019
 LOW               20   10/28/1976
HIGHEST            80   10/07        MM      MM       97  10/01
LOWEST             31   10/17        MM      MM       35  10/31
AVG. MAXIMUM     65.9              67.5    -1.6     73.3
AVG. MINIMUM     46.5              46.6    -0.1     49.4
MEAN             56.2              57.0    -0.8     61.4
DAYS MAX >= 90      0               0.1    -0.1        3
DAYS MAX <= 32      0               0.0     0.0        0
DAYS MIN <= 32      2               1.5     0.5        0
DAYS MIN <= 0       0               0.0     0.0        0

PRECIPITATION (INCHES)
RECORD
 MAXIMUM         7.95   1918
 MINIMUM         0.11   1924
TOTALS           4.35              3.13    1.22     7.83
DAILY AVG.       0.14              0.10    0.04     0.25
DAYS >= .01        12               8.7     3.3       11
DAYS >= .10         5               5.3    -0.3        7
DAYS >= .50         4               2.1     1.9        6
DAYS >= 1.00        2               0.7     1.3        5
GREATEST
 24 HR. TOTAL    2.31   10/19 TO 10/20

SNOWFALL (INCHES)
RECORDS
 TOTAL            2.8   5
                        0
TOTALS            0.0               0.0     0.0      0.0
SINCE 7/1         0.0               0.0     0.0      0.0
SNOWDEPTH AVG.      0                MM      MM        0
DAYS >= 1.0         0               0.0     0.0        0
GREATEST
 SNOW DEPTH         0   MM                             0  MM
 24 HR TOTAL      0.0   10/31 TO 10/31

DEGREE_DAYS
HEATING TOTAL     276               272       4      182
 SINCE 7/1        336               326      10      182
COOLING TOTAL      12                25     -13       75
 SINCE 1/1       1161              1188     -27     1758
.................................................................

WIND (MPH)
AVERAGE WIND SPEED              7.1
HIGHEST WIND SPEED/DIRECTION    24/340    DATE  10/12
HIGHEST GUST SPEED/DIRECTION    34/340    DATE  10/12

SKY COVER
POSSIBLE SUNSHINE (PERCENT)   MM
AVERAGE SKY COVER           0.50
NUMBER OF DAYS FAIR           13
NUMBER OF DAYS PC              7
NUMBER OF DAYS CLOUDY         11

AVERAGE RH (PERCENT)     74

WEATHER CONDITIONS. NUMBER OF DAYS WITH
THUNDERSTORM              3     MIXED PRECIP                0
HEAVY RAIN                5     RAIN                        6
LIGHT RAIN               16     FREEZING RAIN               0
LT FREEZING RAIN          0     HAIL                        0
HEAVY SNOW                0     SNOW                        0
LIGHT SNOW                0     SLEET                       0
FOG                      16     FOG W/VIS <= 1/4 MILE       1
HAZE

-  INDICATES NEGATIVE NUMBERS.
R  INDICATES RECORD WAS SET OR TIED.
MM INDICATES DATA IS MISSING.
T  INDICATES TRACE AMOUNT.

$$
