754
CXUS54 KLCH 021548
CLMLFT


CLIMATE REPORT
NATIONAL WEATHER SERVICE LAKE CHARLES, LA
947 AM CST MON NOV 2 2020

...................................

...THE LAFAYETTE CLIMATE SUMMARY FOR THE MONTH OF OCTOBER 2020...

CLIMATE NORMAL PERIOD 1981 TO 2010
CLIMATE RECORD PERIOD 1893 TO 2020

WEATHER         OBSERVED          NORMAL  DEPART  LAST YEAR`S
                 VALUE   DATE(S)  VALUE   FROM    VALUE  DATE(S)
                                          NORMAL
................................................................
TEMPERATURE (F)
RECORD
 HIGH              98   10/23/1933
 LOW               27   10/31/1917
HIGHEST            88   10/12        MM      MM       MM  MM
                        10/07
LOWEST             45   10/31        MM      MM       MM  MM
AVG. MAXIMUM     81.3              81.0     0.3       MM
AVG. MINIMUM     60.8              59.7     1.1       MM
MEAN             71.1              70.3     0.8       MM
DAYS MAX >= 90      0               1.9    -1.9       MM
DAYS MAX <= 32      0               0.0     0.0       MM
DAYS MIN <= 32      0               0.0     0.0       MM
DAYS MIN <= 0       0               0.0     0.0       MM

PRECIPITATION (INCHES)
RECORD
 MAXIMUM        15.65   1985
 MINIMUM         0.00   1963
                        1924
TOTALS           5.26              5.23    0.03       MM
DAILY AVG.       0.17              0.17    0.00       MM
DAYS >= .01         5               7.9    -2.9       MM
DAYS >= .10         4               5.3    -1.3       MM
DAYS >= .50         3               2.7     0.3       MM
DAYS >= 1.00        2               1.7     0.3       MM
GREATEST
 24 HR. TOTAL    3.43   10/09 TO 10/09

SNOWFALL (INCHES)
RECORDS
 TOTAL             MM   5
TOTALS            0.0               0.0     0.0       MM
SINCE 7/1         0.0               0.0     0.0       MM
SNOWDEPTH AVG.      0                MM      MM       MM
DAYS >= 1.0         0               0.0     0.0       MM
GREATEST
 24 HR TOTAL      0.0   10/31 TO 10/31

DEGREE_DAYS
HEATING TOTAL      22                35     -13       MM
 SINCE 7/1         22                36     -14       MM
COOLING TOTAL     214               201      13       MM
 SINCE 1/1       2988              2889      99       MM
.................................................................

WIND (MPH)
AVERAGE WIND SPEED              6.3
HIGHEST WIND SPEED/DIRECTION    40/170    DATE  10/09
HIGHEST GUST SPEED/DIRECTION    75/150    DATE  10/09

SKY COVER
POSSIBLE SUNSHINE (PERCENT)   MM
AVERAGE SKY COVER           0.40
NUMBER OF DAYS FAIR           11
NUMBER OF DAYS PC             10
NUMBER OF DAYS CLOUDY          5

AVERAGE RH (PERCENT)     73

WEATHER CONDITIONS. NUMBER OF DAYS WITH
  0
  1
  0
  0
  0
  0
  1
HAZE                      5

-  INDICATES NEGATIVE NUMBERS.
R  INDICATES RECORD WAS SET OR TIED.
MM INDICATES DATA IS MISSING.
T  INDICATES TRACE AMOUNT.

$$
