859
CXUS51 KOKX 021311 CCA
CLMLGA

NYCCLMLGA 000
TTAA00 KOKX 011625


CLIMATE REPORT...CORRECTED
NATIONAL WEATHER SERVICE NEW YORK NY

810 AM EST SUN NOV 1 2020

...................................

...THE LAGUARDIA NY CLIMATE SUMMARY FOR THE MONTH OF OCTOBER 2020...

CLIMATE NORMAL PERIOD 1981 TO 2010
CLIMATE RECORD PERIOD 1939 TO 2020

WEATHER         OBSERVED          NORMAL  DEPART  LAST YEAR`S
                 VALUE   DATE(S)  VALUE   FROM    VALUE  DATE(S)
                                          NORMAL
................................................................
TEMPERATURE (F)
RECORD
 HIGH              95   10/02/2019
 LOW               30   10/24/1969
HIGHEST            77   10/07        MM      MM       95  10/02
LOWEST             35   10/31        MM      MM       46  10/05
AVG. MAXIMUM     65.6              65.2     0.4     67.1
AVG. MINIMUM     54.2              51.0     3.2     54.6
MEAN             59.9              58.1     1.8     60.9
DAYS MAX >= 90      0               0.0     0.0        1
DAYS MAX <= 32      0               0.0     0.0        0
DAYS MIN <= 32      0               0.0     0.0        0
DAYS MIN <= 0       0               0.0     0.0        0

PRECIPITATION (INCHES)
RECORD
 MAXIMUM        14.71   2005
 MINIMUM         0.06   1963
TOTALS           5.16              3.78    1.38     5.58
DAILY AVG.       0.17              0.12    0.05     0.18
DAYS >= .01        13               8.5     4.5       14
DAYS >= .10         6               5.2     0.8        9
DAYS >= .50         4               2.6     1.4        3
DAYS >= 1.00        2               1.0     1.0        2
GREATEST
 24 HR. TOTAL    2.05   10/29 TO 10/30           10/16 TO 10/16
                                                          10/31 TO 10/31EATHER         OBSERVED          NORMAL  DEPART  LAST YEAR`S
                                                          10/31 TO 10/31EATHER         OBSERVED          NORMAL  DEPART  LAST YEAR`S
 STORM TOTAL       MM                                 MM
 (MM/DD(HH))            MM                    10/16(00) TO 10/16(00)
                                                 10/31(00) TO 10/31(00)1EATHER         OBSERVED          NORMAL  DEPART  LAST YEAR`S
                                                 10/31(00) TO 10/31(00)1EATHER         OBSERVED          NORMAL  DEPART  LAST YEAR`S

SNOWFALL (INCHES)
RECORDS
 TOTAL            1.7   2011
 24 HR TOTAL       MM
TOTALS            0.0               0.0     0.0      0.0
 LIQUID EQUIV    0.00                 T    0.00     0.00
SINCE 7/1         0.0               0.0     0.0      0.0
 LIQUID 7/1      0.00              0.00             0.00
DAYS >= TRACE       0               0.0     0.0        0
DAYS >= 1.0         0               0.0     0.0        0
GREATEST
 SNOW DEPTH         0   MM                             0  MM
 24 HR TOTAL      0.0   10/31 TO 10/31           10/31 TO 10/31
                                                          10/31 TO 10/31EATHER         OBSERVED          NORMAL  DEPART  LAST YEAR`S
                                                          10/31 TO 10/31EATHER         OBSERVED          NORMAL  DEPART  LAST YEAR`S
 STORM TOTAL       MM                                 MM
 (MM/DD(HH))            MM                    10/31(00) TO 10/31(00)
                                                 10/31(00) TO 10/31(00)1EATHER         OBSERVED          NORMAL  DEPART  LAST YEAR`S
                                                 10/31(00) TO 10/31(00)1EATHER         OBSERVED          NORMAL  DEPART  LAST YEAR`S

DEGREE_DAYS
HEATING TOTAL     170               237     -67      151
 SINCE 7/1        195               272     -77      154
COOLING TOTAL      19                23      -4       29
 SINCE 1/1       1645              1213     432     1484
.................................................................

WIND (MPH)
AVERAGE WIND SPEED              9.3
HIGHEST WIND SPEED/DIRECTION    32/050    DATE  10/29
HIGHEST GUST SPEED/DIRECTION    39/050    DATE  10/29

SKY COVER
POSSIBLE SUNSHINE (PERCENT)   MM
AVERAGE SKY COVER           0.70
NUMBER OF DAYS FAIR            7
NUMBER OF DAYS PC              9
NUMBER OF DAYS CLOUDY         15

AVERAGE RH (PERCENT)     67

WEATHER CONDITIONS. NUMBER OF DAYS WITH
  0
  6
  0
  0
  0
  0
  4
HAZE                      5

-  INDICATES NEGATIVE NUMBERS.
R  INDICATES RECORD WAS SET OR TIED.
MM INDICATES DATA IS MISSING.
T  INDICATES TRACE AMOUNT.

$$
