000
CXHW51 PHFO 011612
CLMLIH


CLIMATE REPORT
NATIONAL WEATHER SERVICE HONOLULU HI
612 AM HST TUE DEC 1 2020

...................................

...THE LIHUE HI CLIMATE SUMMARY FOR THE MONTH OF NOVEMBER 2020...

CLIMATE NORMAL PERIOD 1981 TO 2010
CLIMATE RECORD PERIOD 1950 TO 2020

WEATHER         OBSERVED          NORMAL  DEPART  LAST YEAR`S
                 VALUE   DATE(S)  VALUE   FROM    VALUE  DATE(S)
                                          NORMAL
................................................................
TEMPERATURE (F)
RECORD
 HIGH              87   11/02/2019
                        11/17/1997
                        11/30/1980
 LOW              -72   11/23/2020
HIGHEST            84   11/07        81       3       87  11/02
                        11/06
                        11/04
LOWEST             66   11/28        71      -5       64  11/09
                                                          11/08
AVG. MAXIMUM     82.3              80.8     1.5     83.1
AVG. MINIMUM     72.4              70.8     1.6     71.2
MEAN             77.4              75.8     1.6     77.2
DAYS MAX >= 90      0               0.0     0.0        0
DAYS MAX <= 32      0               0.0     0.0        0
DAYS MIN <= 32      0               0.0     0.0        0
DAYS MIN <= 0       0               0.0     0.0        0

PRECIPITATION (INCHES)
RECORD
 MAXIMUM        18.45   1955
 MINIMUM         0.40   2016
TOTALS           5.19              4.46    0.73     4.98
DAILY AVG.       0.17              0.15    0.02     0.17
DAYS >= .01        22              17.6     4.4       21
DAYS >= .10        11               7.2     3.8       10
DAYS >= .50         3               2.3     0.7        3
DAYS >= 1.00        2               1.1     0.9        1
GREATEST
 24 HR. TOTAL    1.59   11/26 TO 11/26              2.30

SNOWFALL (INCHES)
RECORDS
 TOTAL             MM   5
TOTALS            0.0               0.0     0.0      0.0
SINCE 7/1         0.0               0.0     0.0      0.0
SNOWDEPTH AVG.     MM                MM      MM       MM
DAYS >= 1.0         0               0.0     0.0        0
GREATEST
 SNOW DEPTH        MM                                 MM  MM
 24 HR TOTAL      0.0   11/30 TO 11/30               0.0

DEGREE_DAYS
HEATING TOTAL       0                 0       0        0
 SINCE 7/1          0                 0       0        0
COOLING TOTAL     354               324      30      373
 SINCE 1/1       3902              3691     211     4211
.................................................................

WIND (MPH)
AVERAGE WIND SPEED              14.0
HIGHEST WIND SPEED/DIRECTION    33/060    DATE  11/11
HIGHEST GUST SPEED/DIRECTION    43/070    DATE  11/11

SKY COVER
POSSIBLE SUNSHINE (PERCENT)   MM
AVERAGE SKY COVER             MM
NUMBER OF DAYS FAIR            0
NUMBER OF DAYS PC              0
NUMBER OF DAYS CLOUDY          0

AVERAGE RH (PERCENT)     MM

WEATHER CONDITIONS. NUMBER OF DAYS WITH
THUNDERSTORM              2     MIXED PRECIP               0
HEAVY RAIN                0     RAIN                       1
LIGHT RAIN                1     FREEZING RAIN              0
LT FREEZING RAIN          0     HAIL                       0
HEAVY SNOW                0     SNOW                       0
LIGHT SNOW                0     SLEET                      0
FOG                      25     FOG W/VIS <= 1/4 MILE      0
HAZE                     11

-  INDICATES NEGATIVE NUMBERS.
R  INDICATES RECORD WAS SET OR TIED.
MM INDICATES DATA IS MISSING.
T  INDICATES TRACE AMOUNT.

$$
