433
CXUS53 KOAX 021452
CLMLNK

CLIMATE REPORT
NATIONAL WEATHER SERVICE OMAHA/VALLEY NE
852 AM CST MON NOV 02 2020

...................................

...THE LINCOLN NE CLIMATE SUMMARY FOR THE MONTH OF OCTOBER 2020...

CLIMATE NORMAL PERIOD 1981 TO 2010
CLIMATE RECORD PERIOD 1887 TO 2020

WEATHER         OBSERVED          NORMAL  DEPART
                VALUE   DATE(S)   VALUE   FROM
                                          NORMAL
................................................
TEMPERATURE (F)
HIGHEST           88   10/09
                       10/11
LOWEST            16   10/27
AVG. MAXIMUM    62.3               65.8    -3.5
AVG. MINIMUM    36.6               40.6    -4.0
MEAN            49.5               53.2    -3.7
DAYS MAX >= 90     0
DAYS MAX <= 32     1
DAYS MIN <= 32    11
DAYS MIN <= 0      0

PRECIPITATION (INCHES)
RECORD
 MAXIMUM        5.40   1986
 MINIMUM           T   1952
TOTALS          0.40               1.97   -1.57
DAYS >= .01        7
DAYS >= .10        1
DAYS >= .50        0
DAYS >= 1.00       0
GREATEST
 24 HR. TOTAL   0.20   10/11 TO 10/11

SNOWFALL (INCHES)
RECORDS
 TOTAL          13.2   1997
TOTALS           2.9                0.7     2.2
SINCE 7/1        2.9
DAYS >= 1.0        1
GREATEST
 SNOW DEPTH        3   10/26
 24 HR TOTAL     2.9   10/25 TO 10/26

DEGREE DAYS
HEATING TOTAL    494                381     113
 SINCE 7/1       593                478     115
COOLING TOTAL     22                 15       7
 SINCE 1/1      1271               1173      98
................................................

WIND (MPH)
AVERAGE WIND SPEED              10.2
HIGHEST WIND SPEED/DIRECTION    52/320    DATE  10/11
HIGHEST GUST SPEED/DIRECTION    76/310    DATE  10/11

SKY COVER
AVERAGE SKY COVER           0.28


WEATHER CONDITIONS. NUMBER OF DAYS WITH
THUNDERSTORM              1     MIXED PRECIP               0
HEAVY RAIN                1     RAIN                       2
LIGHT RAIN                9     FREEZING RAIN              0
LT FREEZING RAIN          0     HAIL                       0
HEAVY SNOW                0     SNOW                       1
LIGHT SNOW                3     SLEET                      0
FOG                       8     FOG W/VIS <= 1/4 MILE      0
HAZE                      6

-  INDICATES NEGATIVE NUMBERS.
R  INDICATES RECORD WAS SET OR TIED.
MM INDICATES DATA IS MISSING.
T  INDICATES TRACE AMOUNT.
>= INDICATES GREATER THAN OR EQUAL TO.
<= INDICATES LESS THAN OR EQUAL TO.

$$
