000
CXUS53 KJKL 011611
CLMLOZ

CLIMATE REPORT
NATIONAL WEATHER SERVICE JACKSON KY
1111 AM EST SUN NOV 1 2020

...................................

...THE LONDON KY CLIMATE SUMMARY FOR THE MONTH OF OCTOBER 2020...

CLIMATE NORMAL PERIOD 1981 TO 2010
CLIMATE RECORD PERIOD 1954 TO 2020

WEATHER         OBSERVED          NORMAL  DEPART  LAST YEAR`S
                 VALUE   DATE(S)  VALUE   FROM    VALUE  DATE(S)
                                          NORMAL
................................................................
TEMPERATURE (F)
RECORD
 HIGH              94   10/03/2019
                        10/02/2019
                        10/01/2019
 LOW               18   10/26/1962
HIGHEST            81   10/22        MM      MM       94  10/03
                        10/08                             10/02
                                                          10/01
LOWEST             32   10/17        MM      MM       33  10/13
AVG. MAXIMUM     69.4              69.4     0.0     72.3
AVG. MINIMUM     48.0              45.2     2.8     47.9
MEAN             58.7              57.3     1.4     60.1
DAYS MAX >= 90      0               0.1    -0.1        3
DAYS MAX <= 32      0               0.0     0.0        0
DAYS MIN <= 32      1               2.9    -1.9        0
DAYS MIN <= 0       0               0.0     0.0        0

PRECIPITATION (INCHES)
RECORD
 MAXIMUM         8.35   2014
 MINIMUM         0.02   1963
TOTALS             MM              3.02      MM     7.81
DAILY AVG.       0.08              0.10   -0.02     0.25
DAYS >= .01        10               8.5     1.5       14
DAYS >= .10         4               5.4    -1.4       11
DAYS >= .50         1               2.0    -1.0        7
DAYS >= 1.00        0               0.6    -0.6        1
GREATEST
 24 HR. TOTAL    0.68   10/11 TO 10/11              1.67

SNOWFALL (INCHES)
RECORDS
 TOTAL             MM   MM
TOTALS             MM               0.0      MM       MM
SINCE 7/1          MM               0.0      MM       MM
SNOWDEPTH AVG.     MM                MM      MM       MM
DAYS >= 1.0        MM               0.0      MM       MM
GREATEST
 SNOW DEPTH        MM                                 MM
 24 HR TOTAL       MM                                 MM

DEGREE_DAYS
HEATING TOTAL     194               259     -65      211
 SINCE 7/1        240               306     -66      211
COOLING TOTAL       9                21     -12       67
 SINCE 1/1       1253              1188      65     1484
.................................................................

WIND (MPH)
AVERAGE WIND SPEED              3.5
HIGHEST WIND SPEED/DIRECTION    23/290    DATE  10/29
HIGHEST GUST SPEED/DIRECTION    35/290    DATE  10/29

SKY COVER
POSSIBLE SUNSHINE (PERCENT)   MM
AVERAGE SKY COVER           0.40
NUMBER OF DAYS FAIR           17
NUMBER OF DAYS PC              4
NUMBER OF DAYS CLOUDY         10

AVERAGE RH (PERCENT)     77

WEATHER CONDITIONS. NUMBER OF DAYS WITH
THUNDERSTORM              1     MIXED PRECIP               0
HEAVY RAIN                2     RAIN                       4
LIGHT RAIN               14     FREEZING RAIN              0
LT FREEZING RAIN          0     HAIL                       0
HEAVY SNOW                0     SNOW                       0
LIGHT SNOW                0     SLEET                      0
FOG                      25     FOG W/VIS <= 1/4 MILE      2
HAZE                      1

-  INDICATES NEGATIVE NUMBERS.
R  INDICATES RECORD WAS SET OR TIED.
MM INDICATES DATA IS MISSING.
T  INDICATES TRACE AMOUNT.

&&

...MISSING MONTHLY PRECIPITATION TOTAL DUE TO SENSOR ERROR ON 23RD & 28TH...

$$

CARICO
