000
CXUS54 KCRP 031504
CLMLRD

CLIMATE REPORT
NATIONAL WEATHER SERVICE CORPUS CHRISTI TX
1054 AM CST TUE DEC 1 2020

...................................

...THE LAREDO CLIMATE SUMMARY FOR THE MONTH OF NOVEMBER 2020...

CLIMATE NORMAL PERIOD 1981 TO 2010
CLIMATE RECORD PERIOD 1900 TO 2020

WEATHER         OBSERVED          NORMAL  DEPART  LAST YEAR`S
                 VALUE   DATE(S)  VALUE   FROM    VALUE  DATE(S)
                                          NORMAL
................................................................
TEMPERATURE (F)
RECORD
 HIGH             101   11/17/1906
 LOW               21   11/21/1906
HIGHEST            91   11/24        82       9       95  11/30
LOWEST             39   11/30        49     -10       35  11/12
AVG. MAXIMUM     83.1              76.3     6.8     74.8
AVG. MINIMUM     60.0              55.2     4.8     54.1
MEAN             71.6              65.8     5.8     64.4
DAYS MAX >= 90      3               1.2     1.8        2
DAYS MAX <= 32      0               0.0     0.0        0
DAYS MIN <= 32      0               0.3    -0.3        0
DAYS MIN <= 0       0               0.0     0.0        0

PRECIPITATION (INCHES)
RECORD
 MAXIMUM         6.50   1919
 MINIMUM         0.00   1981
TOTALS           0.05              1.19   -1.14     0.36
DAILY AVG.       0.00              0.04   -0.04     0.01
DAYS >= .01         1               4.3    -3.3        4
DAYS >= .10         0               2.2    -2.2        1
DAYS >= .50         0               0.6    -0.6        0
DAYS >= 1.00        0               0.2    -0.2        0
GREATEST
 24 HR. TOTAL    0.05   11/28 TO 11/28                MM

SNOWFALL (INCHES)
RECORDS
 TOTAL             MM   MM
 24 HR TOTAL       MM
TOTALS            0.0               0.0     0.0      0.0
SINCE 7/1         0.0               0.0     0.0      0.0
SNOWDEPTH AVG.      0                 0       0        0
DAYS >= 1.0         0               0.0     0.0
GREATEST
 SNOW DEPTH         0   MM                             0
 24 HR TOTAL      0.0   11/30 TO 11/30               0.0

DEGREE_DAYS
HEATING TOTAL      17               103     -86      124
 SINCE 7/1         52               115     -63      152
COOLING TOTAL     224               126      98      112
 SINCE 1/1       4644              4255     389     4819
.................................................................

WIND (MPH)
AVERAGE WIND SPEED              MM
HIGHEST WIND SPEED/DIRECTION    MM        DATE   MM
HIGHEST GUST SPEED/DIRECTION    MM        DATE   MM

SKY COVER
AVERAGE SKY COVER           0.30

AVERAGE RH (PERCENT)     66

WEATHER CONDITIONS. NUMBER OF DAYS WITH
THUNDERSTORM              0     MIXED PRECIP                0
HEAVY RAIN                0     RAIN                        0
LIGHT RAIN                1     FREEZING RAIN               0
LT FREEZING RAIN          0     HAIL                        0
HEAVY SNOW                0     SNOW                        0
LIGHT SNOW                0     SLEET                       0
FOG                       6     FOG W/VIS <= 1/4 MILE       1
HAZE                      0


-  INDICATES NEGATIVE NUMBERS.
R  INDICATES RECORD WAS SET OR TIED.
MM INDICATES DATA IS MISSING.
T  INDICATES TRACE AMOUNT.

$$
