655
CXUS53 KARX 011959
CLMLSE


CLIMATE REPORT
NATIONAL WEATHER SERVICE LA CROSSE WI
148 PM CST SUN NOV 1 2020

...................................

...THE LA CROSSE WI CLIMATE SUMMARY FOR THE MONTH OF OCTOBER 2020...

CLIMATE NORMAL PERIOD 1981 TO 2010
CLIMATE RECORD PERIOD 1873 TO 2020

WEATHER         OBSERVED          NORMAL  DEPART  LAST YEAR`S
                 VALUE   DATE(S)  VALUE   FROM    VALUE  DATE(S)
                                          NORMAL
................................................................
TEMPERATURE (F)
RECORD
 HIGH              93   10/06/1963
 LOW                6   10/25/1887
HIGHEST            85   10/09        MM      MM       80  10/01
LOWEST             22   10/27        MM      MM       26  10/29
AVG. MAXIMUM     55.4              59.9    -4.5     57.1
AVG. MINIMUM     36.6              40.4    -3.8     40.9
MEAN             46.0              50.2    -4.2     49.0
DAYS MAX >= 90      0               0.0     0.0        0
DAYS MAX <= 32      0               0.0     0.0        0
DAYS MIN <= 32     11               5.7     5.3        7
DAYS MIN <= 0       0               0.0     0.0        0

PRECIPITATION (INCHES)
RECORD
 MAXIMUM        12.09   1900
 MINIMUM         0.02   1952
TOTALS           1.61              2.17   -0.56     4.85
DAILY AVG.       0.05              0.07   -0.02     0.16
DAYS >= .01         9               9.3    -0.3       10
DAYS >= .10         5               4.8     0.2        5
DAYS >= .50         2               1.2     0.8        3
DAYS >= 1.00        0               0.4    -0.4        2
GREATEST
 24 HR. TOTAL    0.58   10/12 TO 10/12

SNOWFALL (INCHES)
RECORDS
 TOTAL            7.0   1917
TOTALS            2.3               0.2     2.1        T
SINCE 7/1         2.3               0.2     2.1        T
SNOWDEPTH AVG.      0                MM      MM        0
DAYS >= TRACE       4               0.3     3.7        6
DAYS >= 1.0         1               0.1     0.9        0
GREATEST
 SNOW DEPTH         2   10/26                          0  MM
 24 HR TOTAL      2.0   10/25 TO 10/25

DEGREE_DAYS
HEATING TOTAL     590               468     122      491
 SINCE 7/1        705               628      77      513
COOLING TOTAL       6                 8      -2        4
 SINCE 1/1       1029               782     247      950
.................................................................

WIND (MPH)
AVERAGE WIND SPEED              8.8
HIGHEST WIND SPEED/DIRECTION    36/310    DATE  10/31
HIGHEST GUST SPEED/DIRECTION    54/290    DATE  10/31

SKY COVER
POSSIBLE SUNSHINE (PERCENT)   MM
AVERAGE SKY COVER           0.40
NUMBER OF DAYS FAIR           14
NUMBER OF DAYS PC             11
NUMBER OF DAYS CLOUDY          6

AVERAGE RH (PERCENT)     62

WEATHER CONDITIONS. NUMBER OF DAYS WITH
THUNDERSTORM              2     MIXED PRECIP               0
HEAVY RAIN                2     RAIN                       2
LIGHT RAIN               10     FREEZING RAIN              0
LT FREEZING RAIN          0     HAIL                       0
HEAVY SNOW                0     SNOW                       1
LIGHT SNOW                4     SLEET                      0
FOG                      10     FOG W/VIS <= 1/4 MILE      0
HAZE                      2

-  INDICATES NEGATIVE NUMBERS.
R  INDICATES RECORD WAS SET OR TIED.
MM INDICATES DATA IS MISSING.
T  INDICATES TRACE AMOUNT.

$$

Boyne
