060
CXUS53 KTOP 011437
CLMLWC


CLIMATE REPORT
NATIONAL WEATHER SERVICE TOPEKA KS
837 AM CST SUN NOV 1 2020

...................................

...THE LAWRENCE KS CLIMATE SUMMARY FOR THE MONTH OF OCTOBER 2020...

CLIMATE NORMAL PERIOD 1981 TO 2010
CLIMATE RECORD PERIOD 9999 TO 9999

WEATHER         OBSERVED          NORMAL  DEPART  LAST YEAR`S
                 VALUE   DATE(S)  VALUE   FROM    VALUE
                                          NORMAL
.............................................................
TEMPERATURE (F)
HIGHEST            90   10/07                         91
LOWEST             26   10/30                         21
                        10/16
AVG. MAXIMUM     65.5              68.8    -3.3     63.6
AVG. MINIMUM     39.4              43.4    -4.0     39.1
MEAN             52.5              56.1    -3.6     51.4
DAYS MAX >= 90      1               0.4     0.6        1
DAYS MAX <= 32      0               0.0     0.0        0
DAYS MIN <= 32      7               4.5     2.5        8
DAYS MIN <= 0       0               0.0     0.0        0

PRECIPITATION (INCHES)
TOTALS           0.82              2.88   -2.06     1.37
DAILY AVG.       0.03                               0.04
DAYS >= .01         6                                  9
DAYS >= .10         2                                  4
DAYS >= .50         1                                  1
DAYS >= 1.00        0                                  0
GREATEST
 24 HR. TOTAL    0.53   10/23 TO 10/23              0.57

DEGREE_DAYS
HEATING TOTAL     407               301     106      438
 SINCE 7/1        472               364     108      438
COOLING TOTAL      25                26      -1       24
 SINCE 1/1       1399              1370      29     1565
..............................................................

WIND (MPH)
AVERAGE WIND SPEED              8.0
HIGHEST WIND SPEED/DIRECTION    31/200    DATE  10/22
HIGHEST GUST SPEED/DIRECTION    44/200    DATE  10/17

SKY COVER
POSSIBLE SUNSHINE (PERCENT)   MM
AVERAGE SKY COVER           0.40
NUMBER OF DAYS FAIR           18
NUMBER OF DAYS PC              3
NUMBER OF DAYS CLOUDY         10

AVERAGE RH (PERCENT)     68


-  INDICATES NEGATIVE NUMBERS.
R  INDICATES RECORD WAS SET OR TIED.
MM INDICATES DATA IS MISSING.
T  INDICATES TRACE AMOUNT.

$$
