434
CXUS51 KRNK 010948
CLMLYH

CLIMATE REPORT
NATIONAL WEATHER SERVICE BLACKSBURG, VA
448 AM EST SUN NOV 01 2020

...................................

...THE LYNCHBURG VA CLIMATE SUMMARY FOR THE MONTH OF OCTOBER 2020...

CLIMATE NORMAL PERIOD: 1981 TO 2010
CLIMATE RECORD PERIOD: 1893 TO 2020

WEATHER         OBSERVED          NORMAL  DEPART   LAST YEAR`S
                VALUE   DATE(S)   VALUE   FROM     VALUE
                                          NORMAL
..............................................................
TEMPERATURE (F)
RECORD
 HIGH             98   10/06/1941
 LOW              21   10/24/1969
                       10/30/1965
                       10/27/1962
HIGHEST           84   10/21                          97
LOWEST            38   10/18                          34
AVG. MAXIMUM    72.3               68.5     3.8     72.9
AVG. MINIMUM    49.2               44.0     5.2     49.5
MEAN            60.8               56.2     4.6     61.2
DAYS MAX >= 90     0                0.1    -0.1        3
DAYS MAX <= 32     0                0.0     0.0        0
DAYS MIN <= 32     0                2.7    -2.7        0
DAYS MIN <= 0      0                0.0     0.0        0

PRECIPITATION (INCHES)
RECORD
 MAXIMUM       11.40   1976
 MINIMUM        0.01   2000
TOTALS          6.43               3.11    3.32     6.73
DAYS >= .01        9                7.1     1.9       11
DAYS >= .10        6                4.3     1.7        8
DAYS >= .50        4                2.1     1.9        6
DAYS >= 1.00       3                1.0     2.0        3
GREATEST
 24 HR. TOTAL   2.70                                1.85

SNOWFALL (INCHES)
TOTALS           0.0                                 0.0
DAYS >= TRACE      0                                   0
DAYS >= 1.0        0                                   0
GREATEST
 24 HR TOTAL      MM                                 0.0

DEGREE DAYS
HEATING TOTAL    149                286    -137      170
COOLING TOTAL     28                 15      13       61
..............................................................

WIND (MPH)
AVERAGE WIND SPEED              3.6
RESULTANT WIND SPEED/DIRECTION   0/130
HIGHEST WIND SPEED/DIRECTION    22/200    DATE  10/29
HIGHEST GUST SPEED/DIRECTION    28/210    DATE  10/29

SKY COVER
AVERAGE SKY COVER           0.40

AVERAGE RH (PERCENT)     73

WEATHER CONDITIONS. NUMBER OF DAYS WITH
THUNDERSTORM              0     MIXED PRECIP               0
HEAVY RAIN                4     RAIN                       5
LIGHT RAIN               11     FREEZING RAIN              0
LT FREEZING RAIN          0     HAIL                       0
HEAVY SNOW                0     SNOW                       0
LIGHT SNOW                0     SLEET                      0
FOG                      25     FOG W/VIS <= 1/4 MILE      9
HAZE                      0

-  INDICATES NEGATIVE NUMBERS.
R  INDICATES RECORD WAS SET OR TIED.
MM INDICATES DATA IS MISSING.
T  INDICATES TRACE AMOUNT.

$$
