000
CXUS54 KMAF 011927
CLMMAF

CLIMATE REPORT
NATIONAL WEATHER SERVICE MIDLAND/ODESSA TX
127 PM CST TUE DEC 01 2020

...................................

...THE MIDLAND INTERNATIONAL AIRPORT CLIMATE SUMMARY FOR THE MONTH OF NOVEMBER 2020...

CLIMATE NORMAL PERIOD 1981 TO 2010
CLIMATE RECORD PERIOD 1930 TO 2020

WEATHER         OBSERVED          NORMAL  DEPART   LAST YEAR`S
                VALUE   DATE(S)   VALUE   FROM     VALUE DATE(S)
                                          NORMAL
................................................................
TEMPERATURE (F)
RECORD
 HIGH             90   11/06/2017
                       11/01/2016
                       11/20/1996
 LOW              10   11/24/1938
HIGHEST           85   11/05         66      19       86  11/04
LOWEST            25   11/30         39     -14       24  11/12
AVG. MAXIMUM    71.6               66.6     5.0     67.7
AVG. MINIMUM    43.5               39.2     4.3     38.7
MEAN            57.6               52.9     4.7     53.2
DAYS MAX >= 90     0                0.0     0.0        0
DAYS MAX <= 32     0                0.1    -0.1        0
DAYS MIN <= 32     3                6.4    -3.4        6
DAYS MIN <= 0      0                0.0     0.0        0

PRECIPITATION (INCHES)
RECORD
 MAXIMUM        5.42   2004
 MINIMUM        0.00   2010
TOTALS          0.48               0.69   -0.21     1.35
DAILY AVG.      0.02               0.02   -0.00     0.05
DAYS >= .01        2                3.0    -1.0        5
DAYS >= .10        1                1.5    -0.5        4
DAYS >= .50        0                0.4    -0.4        1
DAYS >= 1.00       0                0.2    -0.2        0
GREATEST
 24 HR. TOTAL   0.47   11/28 TO 11/28               1.00

SNOWFALL (INCHES)
RECORDS
 TOTAL           8.0   2001
TOTALS           0.0                0.5    -0.5      0.0
SINCE 7/1        0.2                0.5    -0.3       MM
SNOWDEPTH AVG.     0                                   0
DAYS >= 1.0        0                0.2    -0.2        0
GREATEST
 SNOW DEPTH        0                                   0  MM
 24 HR TOTAL      MM                                  MM

DEGREE DAYS
HEATING TOTAL    236                370    -134      350
 SINCE 7/1       416                479     -63       MM
COOLING TOTAL     20                  7      13        3
 SINCE 1/1      2907               2279     628       MM
................................................................

WIND (MPH)
AVERAGE WIND SPEED              10.7
HIGHEST WIND SPEED/DIRECTION    38/280    DATE  11/24
HIGHEST GUST SPEED/DIRECTION    49/280    DATE  11/24

SKY COVER
POSSIBLE SUNSHINE (PERCENT)   MM
AVERAGE SKY COVER           0.15
NUMBER OF DAYS FAIR           24
NUMBER OF DAYS PC              5
NUMBER OF DAYS CLOUDY          1

AVERAGE RH (PERCENT)     52

WEATHER CONDITIONS. NUMBER OF DAYS WITH
THUNDERSTORM              1     MIXED PRECIP               0
HEAVY RAIN                1     RAIN                       0
LIGHT RAIN                2     FREEZING RAIN              0
LT FREEZING RAIN          0     HAIL                       0
HEAVY SNOW                0     SNOW                       0
LIGHT SNOW                0     SLEET                      0
FOG                       6     FOG W/VIS <= 1/4 MILE      2
HAZE                      8

-  INDICATES NEGATIVE NUMBERS.
R  INDICATES RECORD WAS SET OR TIED.
MM INDICATES DATA IS MISSING.
T  INDICATES TRACE AMOUNT.

$$
