000
CXUS56 KHNX 041420
CLMMCE


CLIMATE REPORT
NATIONAL WEATHER SERVICE SAN JOAQUIN VALLEY, CA
554 AM PST WED NOV 4 2020

...................................

...THE MERCED CA AIRPORT CLIMATE SUMMARY FOR THE MONTH OF OCTOBER 2020...

CLIMATE NORMAL PERIOD 1981 TO 2010
CLIMATE RECORD PERIOD 1899 TO 2020

WEATHER         OBSERVED          NORMAL  DEPART  LAST YEAR`S
                 VALUE   DATE(S)  VALUE   FROM    VALUE  DATE(S)
                                          NORMAL
................................................................
TEMPERATURE (F)
RECORD
 HIGH             102   10/03/1905
 LOW               28   10/29/1971
10/30/1946
10/31/1935
HIGHEST            98   10/04        MM      MM       91  10/08
LOWEST             39   10/30        MM      MM       30  10/28
                        10/29
AVG. MAXIMUM     85.2              78.3     6.9     78.9
AVG. MINIMUM     50.4              48.6     1.8     43.8
MEAN             67.8              63.4     4.4     61.4
DAYS MAX >= 90     13               2.5    10.5        1
DAYS MIN <= 32      0               0.0     0.0        1

PRECIPITATION (INCHES)
RECORD
 MAXIMUM         3.53   2000
TOTALS           0.00              0.81   -0.81     0.00
DAYS >= .01         0                MM      MM        0
DAYS >= .10         0                MM      MM        0
DAYS >= .50         0                MM      MM        0
DAYS >= 1.00        0                MM      MM        0
GREATEST
 24 HR. TOTAL    0.00   10/31 TO 10/31
                        10/30 TO 10/30
                        10/29 TO 10/29

SNOWFALL (INCHES)
RECORDS
 TOTAL            0.0
TOTALS            0.0               0.0

DEGREE_DAYS
HEATING TOTAL      46                99     -53      123
 SINCE 7/1         46               110     -64      137
COOLING TOTAL     141                51      90       19
 SINCE 1/1       2037              1407     630     1600
.................................................................

WIND (MPH)
AVERAGE WIND SPEED              3.7
HIGHEST WIND SPEED/DIRECTION    18/330    DATE  10/26
HIGHEST GUST SPEED/DIRECTION    24/340    DATE  10/10

AVERAGE RH (PERCENT)     48

WEATHER CONDITIONS. NUMBER OF DAYS WITH
THUNDERSTORM              0     RAIN                       0
HAIL                      0     FOG                        2
FOG W/VIS <= 1/4 MILE     0     HAZE                      20

-  INDICATES NEGATIVE NUMBERS.
R  INDICATES RECORD WAS SET OR TIED.
MM INDICATES DATA IS MISSING.
T  INDICATES TRACE AMOUNT.

$$
