000
CXAK59 PAFG 030230
CLMMCG

CLIMATE REPORT
NATIONAL WEATHER SERVICE FAIRBANKS AK
530 PM AKST WED DEC 02 2020

...................................

...THE MCGRATH AK CLIMATE SUMMARY FOR THE MONTH OF NOVEMBER 2020...

CLIMATE NORMAL PERIOD 1981 TO 2010
CLIMATE RECORD PERIOD 1946 TO 2020

WEATHER         OBSERVED          NORMAL  DEPART   LAST YEAR`S
                VALUE   DATE(S)   VALUE   FROM     VALUE DATE(S)
                                          NORMAL
................................................................
TEMPERATURE (F)
RECORD
 HIGH             50   11/12/2014
 LOW             -53   11/30/1990
HIGHEST           41   11/10         MM      MM       37  11/27
                                                          11/26
LOWEST           -21   11/04         MM      MM      -15  11/18
                       11/19
AVG. MAXIMUM    15.8               13.2     2.6     19.8
AVG. MINIMUM     0.4               -2.1     2.5      6.8
MEAN             8.1                5.5     2.6     13.3
DAYS MAX >= 90     0                0.0     0.0        0
DAYS MAX <= 32    24               26.8    -2.8       28
DAYS MIN <= 32    29               29.6    -0.6       30
DAYS MIN <= 0     16               16.8    -0.8        8

PRECIPITATION (INCHES)
RECORD
 MAXIMUM        4.55   2019
 MINIMUM        0.02
TOTALS          1.54               1.41    0.13     4.55
DAILY AVG.      0.05               0.05    0.00     0.15
DAYS >= .01       12               12.5    -0.5       17
DAYS >= .10        5                4.0     1.0       11
DAYS >= .50        0                0.5    -0.5        3
DAYS >= 1.00       0                0.1    -0.1        1
GREATEST
 24 HR. TOTAL   0.65   11/07 TO 11/08               1.22


DEGREE DAYS
HEATING TOTAL   1698               1783     -85     1545
 SINCE 7/1      3709               4124    -415     3429
COOLING TOTAL      0                  0       0        0
 SINCE 1/1         1                 20     -19       82
................................................................

WIND (MPH)
AVERAGE WIND SPEED              6.5
HIGHEST WIND SPEED/DIRECTION    26/200    DATE  11/06
HIGHEST GUST SPEED/DIRECTION    38/200    DATE  11/06

SKY COVER
AVERAGE SKY COVER           0.62
NUMBER OF DAYS FAIR            6


WEATHER CONDITIONS. NUMBER OF DAYS WITH
THUNDERSTORM              0     MIXED PRECIP               0
HEAVY RAIN                0     RAIN                       0
LIGHT RAIN                4     FREEZING RAIN              0
LT FREEZING RAIN          0     HAIL                       0
HEAVY SNOW                1     SNOW                       4
LIGHT SNOW               15     SLEET                      0
FOG                      18     FOG W/VIS <= 1/4 MILE      3
HAZE                      9

-  INDICATES NEGATIVE NUMBERS.
R  INDICATES RECORD WAS SET OR TIED.
MM INDICATES DATA IS MISSING.
T  INDICATES TRACE AMOUNT.

$$
