000
CXUS53 KEAX 011913
CLMMCI

CLIMATE REPORT
NATIONAL WEATHER SERVICE
108 PM CST SUN NOV 01 2020

...................................

...THE KANSAS CITY INTERNATIONAL MO CLIMATE SUMMARY FOR THE MONTH OF OCTOBER 2020...

CLIMATE NORMAL PERIOD: 1981 TO 2010
CLIMATE RECORD PERIOD: 1888 TO 2020

WEATHER         OBSERVED          NORMAL  DEPART   LAST YEAR`S
                VALUE   DATE(S)   VALUE   FROM     VALUE DATE(S)
                                          NORMAL
................................................................
TEMPERATURE (F)
RECORD
 HIGH             98   10/07/1939
 LOW              17   10/31/1993
                       10/30/1925
HIGHEST           90   10/07         85       5       88  10/01
LOWEST            28   10/26         29      -1       21  10/31
AVG. MAXIMUM    64.3               66.9    -2.6     61.6
AVG. MINIMUM    42.8               45.9    -3.1     41.3
MEAN            53.6               56.4    -2.8     51.4
DAYS MAX >= 90     1                0.2     0.8        0
DAYS MAX <= 32     0                0.0     0.0        0
DAYS MIN <= 32     5                2.1     2.9        5
DAYS MIN <= 0      0                0.0     0.0        0

PRECIPITATION (INCHES)
RECORD
 MAXIMUM       11.94   1941
 MINIMUM        0.12   1895
TOTALS          0.88               3.16   -2.28     1.69
DAILY AVG.      0.03               0.10   -0.07     0.05
DAYS >= .01        5                8.2    -3.2       10
DAYS >= .10        2                5.5    -3.5        6
DAYS >= .50        1                2.0    -1.0        1
DAYS >= 1.00       0                0.8    -0.8        0
GREATEST
 24 HR. TOTAL   0.71   10/23 TO 10/23

SNOWFALL (INCHES)
RECORDS
 TOTAL           6.5   1996
TOTALS           0.9                0.2     0.7      1.3
SINCE 7/1        0.9                0.2     0.7       MM
SNOWDEPTH AVG.     0                                   0
DAYS >= 1.0        0                0.1    -0.1       MM
GREATEST
 SNOW DEPTH        1   10/27                           1  10/30
                                                          10/31
 24 HR TOTAL      MM

DEGREE DAYS
HEATING TOTAL    392                293      99      436
 SINCE 7/1       457                359      98       MM
COOLING TOTAL     43                 26      17       22
 SINCE 1/1      1374               1358      16       MM
................................................................

WIND (MPH)
AVERAGE WIND SPEED              10.1
HIGHEST WIND SPEED/DIRECTION    33/220    DATE  10/17
HIGHEST GUST SPEED/DIRECTION    49/200    DATE  10/17

SKY COVER
POSSIBLE SUNSHINE (PERCENT)   MM
AVERAGE SKY COVER           0.48
NUMBER OF DAYS FAIR           14
NUMBER OF DAYS PC              6
NUMBER OF DAYS CLOUDY         11

AVERAGE RH (PERCENT)     64

WEATHER CONDITIONS. NUMBER OF DAYS WITH
THUNDERSTORM              1     MIXED PRECIP               0
HEAVY RAIN                1     RAIN                       1
LIGHT RAIN                9     FREEZING RAIN              0
LT FREEZING RAIN          1     HAIL                       0
HEAVY SNOW                0     SNOW                       0
LIGHT SNOW                1     SLEET                      0
FOG                       9     FOG W/VIS <= 1/4 MILE      3
HAZE                      8

-  INDICATES NEGATIVE NUMBERS.
R  INDICATES RECORD WAS SET OR TIED.
MM INDICATES DATA IS MISSING.
T  INDICATES TRACE AMOUNT.

$$
