000
CXUS53 KEAX 011012
CLMMCI

CLIMATE REPORT
NATIONAL WEATHER SERVICE
447 AM CDT TUE JUN 01 2021

...................................

...THE KANSAS CITY INTERNATIONAL MO CLIMATE SUMMARY FOR THE MONTH OF MAY 2021...

CLIMATE NORMAL PERIOD: 1991 TO 2020
CLIMATE RECORD PERIOD: 1888 TO 2021

WEATHER         OBSERVED          NORMAL  DEPART   LAST YEAR`S
                VALUE   DATE(S)   VALUE   FROM     VALUE DATE(S)
                                          NORMAL
................................................................
TEMPERATURE (F)
RECORD
 HIGH            103   05/30/1934
 LOW              27   05/04/1907
HIGHEST           88   05/26         88       0       86  05/24
LOWEST            38   05/05         40      -2       34  05/09
AVG. MAXIMUM    72.0               75.0    -3.0     70.9
AVG. MINIMUM    55.3               54.3     1.0     53.4
MEAN            63.6               64.6    -1.0     62.1
DAYS MAX >= 90     0                0.8    -0.8        0
DAYS MAX <= 32     0                0.0     0.0        0
DAYS MIN <= 32     0                0.0     0.0        0
DAYS MIN <= 0      0                0.0     0.0        0

PRECIPITATION (INCHES)
RECORD
 MAXIMUM       12.82   2019
 MINIMUM        0.70   1914
TOTALS          5.47               5.32    0.15     3.72
DAILY AVG.      0.18               0.17    0.01     0.12
DAYS >= .01       14               12.1     1.9       MM
DAYS >= .10        9                7.7     1.3       MM
DAYS >= .50        4                3.7     0.3       MM
DAYS >= 1.00       2                1.6     0.4       MM
GREATEST
 24 HR. TOTAL   1.46   05/08 TO 05/09

SNOWFALL (INCHES)
RECORDS
 TOTAL           1.7   1907
TOTALS           0.0                0.0     0.0      0.0
SINCE 7/1       15.5               18.2    -2.7       MM
SNOWDEPTH AVG.     0                                   0
DAYS >= 1.0        0                0.0     0.0        0
GREATEST
 SNOW DEPTH        0                                   0  MM
 24 HR TOTAL      MM

DEGREE DAYS
HEATING TOTAL    117                109       8      144
 SINCE 7/1      4790               5062    -272       MM
COOLING TOTAL     82                 98     -16       64
 SINCE 1/1       116                120      -4       MM
................................................................

WIND (MPH)
AVERAGE WIND SPEED              9.5
HIGHEST WIND SPEED/DIRECTION    35/070    DATE  05/09
HIGHEST GUST SPEED/DIRECTION    46/300    DATE  05/08

SKY COVER
POSSIBLE SUNSHINE (PERCENT)   MM
AVERAGE SKY COVER           0.71
NUMBER OF DAYS FAIR            1
NUMBER OF DAYS PC             14
NUMBER OF DAYS CLOUDY         16

AVERAGE RH (PERCENT)     69


WEATHER CONDITIONS. NUMBER OF DAYS WITH

THUNDERSTORM               6
MIXED PRECIP               0
HEAVY RAIN                 5
RAIN                       7
LIGHT RAIN                17
LT FREEZING RAIN           0
HAIL                       0
HEAVY SNOW                 0
SNOW                       0
LIGHT SNOW                 0
SLEET                      0
FOG                       15
FOG W/VIS <= 1/4 MILE      0
HAZE                      18



-  INDICATES NEGATIVE NUMBERS.
R  INDICATES RECORD WAS SET OR TIED.
MM INDICATES DATA IS MISSING.
T  INDICATES TRACE AMOUNT.
>= INDICATES GREATER THAN OR EQUAL TO.
<= INDICATES LESS THAN OR EQUAL TO.


$$
