000
CXUS53 KGLD 041556
CLMMCK

CLIMATE REPORT
NATIONAL WEATHER SERVICE
856 AM MST FRI DEC 04 2020

...................................

...THE MCCOOK NE CLIMATE SUMMARY FOR THE MONTH OF NOVEMBER 2020...

CLIMATE NORMAL PERIOD: 1981 TO 2010
CLIMATE RECORD PERIOD: 1896 TO 2020

WEATHER         OBSERVED          NORMAL  DEPART   LAST YEAR`S
                VALUE   DATE(S)   VALUE   FROM     VALUE DATE(S)
                                          NORMAL
................................................................
TEMPERATURE (F)
RECORD
 HIGH             88   11/10/1912
 LOW             -11   11/14/1940
HIGHEST           86   11/06         76      10       82  11/09
LOWEST             3   11/30          9      -6        0  11/12
AVG. MAXIMUM    61.6               52.3     9.3     52.0
AVG. MINIMUM    26.5               24.1     2.4     24.0
MEAN            44.1               38.2     5.9     38.0
DAYS MAX >= 90     0                0.0     0.0        0
DAYS MAX <= 32     0                2.5    -2.5        4
DAYS MIN <= 32    22               24.6    -2.6       26
DAYS MIN <= 0      0                0.3    -0.3        1

PRECIPITATION (INCHES)
RECORD
 MAXIMUM        3.73   1975
 MINIMUM           T   2014
TOTALS          0.02               0.95   -0.93     0.48
DAILY AVG.      0.00               0.03   -0.03     0.02
DAYS >= .01        2                4.4    -2.4        7
DAYS >= .10        0                2.0    -2.0        2
DAYS >= .50        0                0.7    -0.7        0
DAYS >= 1.00       0                0.0     0.0        0
GREATEST
 24 HR. TOTAL   0.01   11/24 TO 11/24               0.13
                       11/10 TO 11/10
                       11/24 TO 11/24
 STORM TOTAL    0.01
 (MM/DD(HH))


................................................................



-  INDICATES NEGATIVE NUMBERS.
R  INDICATES RECORD WAS SET OR TIED.
MM INDICATES DATA IS MISSING.
T  INDICATES TRACE AMOUNT.

$$
