000
CXUS52 KFFC 031135
CLMMCN

CLIMATE REPORT
NATIONAL WEATHER SERVICE PEACHTREE CITY GA
635 AM EST TUE NOV 03 2020

...................................

...THE MACON CLIMATE SUMMARY FOR THE MONTH OF OCTOBER 2020...

CLIMATE NORMAL PERIOD: 1981 TO 2010
CLIMATE RECORD PERIOD: 1899 TO 2020

WEATHER         OBSERVED          NORMAL  DEPART   LAST YEAR`S
                VALUE   DATE(S)   VALUE   FROM     VALUE DATE(S)
                                          NORMAL
................................................................
TEMPERATURE (F)
RECORD
 HIGH            103   10/04/2019
 LOW              26   10/30/1952
HIGHEST           90   10/07         83       7      103  10/04
                       10/08
LOWEST            45   10/03         58     -13       41  10/24
AVG. MAXIMUM    82.0               77.4     4.6     83.8
AVG. MINIMUM    56.6               52.4     4.2     58.5
MEAN            69.3               64.9     4.4     71.1
DAYS MAX >= 90     2                0.6     1.4        8
DAYS MAX <= 32     0                0.0     0.0        0
DAYS MIN <= 32     0                0.5    -0.5        0
DAYS MIN <= 0      0                0.0     0.0        0

PRECIPITATION (INCHES)
RECORD
 MAXIMUM        9.39   1959
 MINIMUM        0.00   1963
TOTALS          1.49               2.79   -1.30
DAILY AVG.      0.05               0.09   -0.04     0.18
DAYS >= .01        8                6.2     1.8       10
DAYS >= .10        4                4.0     0.0        8
DAYS >= .50        1                1.8    -0.8        3
DAYS >= 1.00       0                0.9    -0.9        2
GREATEST
 24 HR. TOTAL   0.63   10/10 TO 10/11               2.20  10/19 TO 10/19

DEGREE DAYS
HEATING TOTAL     30                 97     -67       29
 SINCE 7/1        33                103     -70       29
COOLING TOTAL    171                 94      77      227
 SINCE 1/1      2447               2144     303     2779
................................................................

WIND (MPH)
AVERAGE WIND SPEED              5.3
HIGHEST WIND SPEED/DIRECTION    30/270    DATE  10/29
HIGHEST GUST SPEED/DIRECTION    45/280    DATE  10/29

SKY COVER
POSSIBLE SUNSHINE (PERCENT)   MM
AVERAGE SKY COVER           0.37
NUMBER OF DAYS FAIR           16
NUMBER OF DAYS PC             10
NUMBER OF DAYS CLOUDY          5

AVERAGE RH (PERCENT)     72

WEATHER CONDITIONS. NUMBER OF DAYS WITH
THUNDERSTORM              0     MIXED PRECIP               0
HEAVY RAIN                2     RAIN                       3
LIGHT RAIN                9     FREEZING RAIN              0
LT FREEZING RAIN          0     HAIL                       0
HEAVY SNOW                0     SNOW                       0
LIGHT SNOW                0     SLEET                      0
FOG                      22     FOG W/VIS <= 1/4 MILE      4
HAZE                      3

-  INDICATES NEGATIVE NUMBERS.
R  INDICATES RECORD WAS SET OR TIED.
MM INDICATES DATA IS MISSING.
T  INDICATES TRACE AMOUNT.

$$
