000
CXUS52 KMLB 011339
CLMMCO

CLIMATE REPORT
NATIONAL WEATHER SERVICE MELBOURNE FL
839 AM EST SUN NOV 01 2020

...................................

...THE ORLANDO INTL CLIMATE SUMMARY FOR THE MONTH OF OCTOBER 2020...

CLIMATE NORMAL PERIOD 1981 TO 2010
CLIMATE RECORD PERIOD 1892 TO 2020

WEATHER         OBSERVED          NORMAL  DEPART   LAST YEAR`S
                VALUE   DATE(S)   VALUE   FROM     VALUE
                                          NORMAL
..............................................................
TEMPERATURE (F)
MONTHLY RECORD
 HOTTEST        81.1   2019
 COOLEST        70.3   1938
DAILY RECORD
 HIGH             98   10/08/1919
                       10/07/1919
                       10/05/1919
 LOW              38   10/25/1937
                       10/24/1937
OCTOBER 2020
HIGHEST           93   10/07                          93
LOWEST            61   10/31                          67
AVG. MAXIMUM    87.1               84.6     2.5     89.5
AVG. MINIMUM    71.6               66.4     5.2     72.7
MEAN            79.4               75.5     3.9     81.1
DAYS MAX >= 90    10                3.0     7.0       20
DAYS MAX <= 32     0                0.0     0.0        0
DAYS MIN <= 32     0                0.0     0.0        0
DAYS MIN <= 0      0                0.0     0.0        0

PRECIPITATION (INCHES)
MONTHLY RECORD
 MAXIMUM       19.10   1915
 MINIMUM        0.00   2010
DAILY RECORD
 MAXIMUM        8.02   10/18/1910
OCTOBER 2020
TOTALS          2.63               3.31   -0.68     6.07
DAYS >= .01       11                8.0     3.0       12
DAYS >= .10        6                5.1     0.9        6
DAYS >= .50        2                2.2    -0.2        3
DAYS >= 1.00       0                1.0    -1.0        2
GREATEST
 24 HR. TOTAL   1.00   10/18 TO 10/19

SNOWFALL (INCHES)
TOTALS           0.0                0.0     0.0      0.0
SINCE 7/1        0.0                0.0     0.0       MM
DAYS >= TRACE      0                                   0

DEGREE DAYS
HEATING TOTAL      0                  5      -5        0
 SINCE 7/1         0                  0       0        0
COOLING TOTAL    452                331     121      508
 SINCE 1/1      4002               3207     795     3825
..............................................................

WIND (MPH)
AVERAGE WIND SPEED              7.6
HIGHEST WIND SPEED/DIRECTION    28/050    DATE  10/18
HIGHEST GUST SPEED/DIRECTION    37/030    DATE  10/18

SKY COVER
POSSIBLE SUNSHINE (PERCENT)   MM
AVERAGE SKY COVER           0.55
NUMBER OF DAYS FAIR            7
NUMBER OF DAYS PC             19
NUMBER OF DAYS CLOUDY          5

AVERAGE RH (PERCENT)     78

WEATHER CONDITIONS. NUMBER OF DAYS WITH
THUNDERSTORM              3     MIXED PRECIP               0
HEAVY RAIN                5     RAIN                       3
LIGHT RAIN               16     LT FREEZING RAIN           0
HAIL                      0     LIGHT SNOW                 0
SLEET                     0     FOG                       12
FOG W/VIS <= 1/4 MILE     0     HAZE                       1

-  INDICATES NEGATIVE NUMBERS.
R  INDICATES RECORD WAS SET OR TIED.
MM INDICATES DATA IS MISSING.
T  INDICATES TRACE AMOUNT.

$$
