000
CXUS51 KCTP 010754
CLMMDT

CLIMATE REPORT
NATIONAL WEATHER SERVICE STATE COLLEGE PA
254 AM EST SUN NOV 01 2020

...................................

...THE HARRISBURG PA CLIMATE SUMMARY FOR THE MONTH OF OCTOBER 2020...

CLIMATE NORMAL PERIOD 1981 TO 2010
CLIMATE RECORD PERIOD 1888 TO 2020

WEATHER         OBSERVED          NORMAL  DEPART   LAST YEAR`S
                VALUE   DATE(S)   VALUE   FROM     VALUE DATE(S)
                                          NORMAL
................................................................
TEMPERATURE (F)
RECORD
 HIGH             97   10/07/1941
                       10/05/1941
 LOW              23   10/24/1969
HIGHEST           80   10/07                          93  10/02
LOWEST            35   10/31                          37  10/19
AVG. MAXIMUM    67.1               64.1     3.0     68.6
AVG. MINIMUM    48.6               44.6     4.0     49.8
MEAN            57.8               54.4     3.4     59.2
DAYS MAX >= 90     0                0.0     0.0        1
DAYS MAX <= 32     0                0.0     0.0        0
DAYS MIN <= 32     0                0.6    -0.6        0
DAYS MIN <= 0      0                0.0     0.0        0

PRECIPITATION (INCHES)
RECORD
 MAXIMUM       11.04   2013
 MINIMUM        0.02   1924
TOTALS          3.05               3.27   -0.22     8.47
DAILY AVG.      0.10               0.11   -0.01     0.27
DAYS >= .01       10                8.8     1.2       12
DAYS >= .10        6                5.3     0.7       10
DAYS >= .50        3                2.5     0.5        7
DAYS >= 1.00       1                1.0     0.0        3
GREATEST
 24 HR. TOTAL   1.34   10/29 TO 10/30               3.10  10/30 TO 10/31

SNOWFALL (INCHES)
RECORDS
 TOTAL           5.5   2011
TOTALS           0.0                0.0     0.0      0.0
SINCE 7/1        0.0                0.0     0.0       MM
SNOWDEPTH AVG.     0                                   0
DAYS >= 1.0        0                0.0     0.0       MM
GREATEST
 SNOW DEPTH        0                                   0  MM
 24 HR TOTAL      MM                                  MM

DEGREE DAYS
HEATING TOTAL    226                340    -114      201
 SINCE 7/1       275                410    -135       MM
COOLING TOTAL     10                  9       1       30
 SINCE 1/1      1428               1002     426       MM
................................................................

WIND (MPH)
AVERAGE WIND SPEED              5.3
HIGHEST WIND SPEED/DIRECTION    31/310    DATE  10/07
HIGHEST GUST SPEED/DIRECTION    42/310    DATE  10/07

SKY COVER
POSSIBLE SUNSHINE (PERCENT)   MM
AVERAGE SKY COVER           0.63
NUMBER OF DAYS FAIR            7
NUMBER OF DAYS PC             10
NUMBER OF DAYS CLOUDY         14

AVERAGE RH (PERCENT)     70

WEATHER CONDITIONS. NUMBER OF DAYS WITH
THUNDERSTORM              0     MIXED PRECIP               0
HEAVY RAIN                4     RAIN                       7
LIGHT RAIN               14     FREEZING RAIN              0
LT FREEZING RAIN          0     HAIL                       0
HEAVY SNOW                0     SNOW                       0
LIGHT SNOW                0     SLEET                      0
FOG                      15     FOG W/VIS <= 1/4 MILE      3
HAZE                     11

-  INDICATES NEGATIVE NUMBERS.
R  INDICATES RECORD WAS SET OR TIED.
MM INDICATES DATA IS MISSING.
T  INDICATES TRACE AMOUNT.

$$
