000
CXUS53 KLOT 021640
CLMMDW

CLIMATE REPORT
NATIONAL WEATHER SERVICE CHICAGO IL
1040 AM CST WED DEC 02 2020

...................................

...THE CHICAGO-MIDWAY CLIMATE SUMMARY FOR THE MONTH OF NOVEMBER 2020...

CLIMATE NORMAL PERIOD: 1981 TO 2010
CLIMATE RECORD PERIOD: 1928 TO 2020

WEATHER         OBSERVED          NORMAL  DEPART   LAST YEAR`S
                VALUE   DATE(S)   VALUE   FROM     VALUE
                                          NORMAL
..............................................................
TEMPERATURE (F)
RECORD
 HIGH             81   MM
 LOW               9   11/12/2019
HIGHEST           77   11/08         MM      MM       58
LOWEST            28   11/02         MM      MM        9
                       11/28
AVG. MAXIMUM    55.9               48.6     7.3     43.4
AVG. MINIMUM    38.9               34.5     4.4     29.4
MEAN            47.4               41.5     5.9     36.4

PRECIPITATION (INCHES)
RECORD
 MAXIMUM        7.63   1985
 MINIMUM        0.55   1976
TOTALS          1.84               3.42   -1.58     1.34


DEGREE DAYS
HEATING TOTAL    527                704    -177      850
 SINCE 7/1       985               1138    -153     1241
COOLING TOTAL      6                  0       6        0
 SINCE 1/1      1274               1045     229     1131
..............................................................

WIND (MPH)
AVERAGE WIND SPEED              11.5
HIGHEST WIND SPEED/DIRECTION    40/270    DATE  11/15
HIGHEST GUST SPEED/DIRECTION    69/260    DATE  11/15

AVERAGE RH (PERCENT)     59


-  INDICATES NEGATIVE NUMBERS.
R  INDICATES RECORD WAS SET OR TIED.
MM INDICATES DATA IS MISSING.
T  INDICATES TRACE AMOUNT.

$$
